CRAN Package Check Results for Package pSI

Last updated on 2020-01-22 19:48:03 CET.

Flavor Version Tinstall Tcheck Ttotal Status Flags
r-devel-linux-x86_64-debian-clang 1.1 3.44 31.75 35.19 NOTE
r-devel-linux-x86_64-debian-gcc 1.1 3.10 24.53 27.63 NOTE
r-devel-linux-x86_64-fedora-clang 1.1 44.70 NOTE
r-devel-linux-x86_64-fedora-gcc 1.1 43.25 NOTE
r-devel-windows-ix86+x86_64 1.1 10.00 57.00 67.00 NOTE
r-devel-windows-ix86+x86_64-gcc8 1.1 7.00 50.00 57.00 NOTE
r-patched-linux-x86_64 1.1 3.36 29.58 32.94 NOTE
r-patched-solaris-x86 1.1 56.20 NOTE
r-release-linux-x86_64 1.1 3.18 29.60 32.78 NOTE
r-release-windows-ix86+x86_64 1.1 12.00 58.00 70.00 NOTE
r-release-osx-x86_64 1.1 NOTE
r-oldrel-windows-ix86+x86_64 1.1 4.00 55.00 59.00 NOTE
r-oldrel-osx-x86_64 1.1 NOTE

Check Details

Version: 1.1
Check: DESCRIPTION meta-information
Result: NOTE
    Malformed Description field: should contain one or more complete sentences.
Flavors: r-devel-linux-x86_64-debian-clang, r-devel-linux-x86_64-debian-gcc, r-devel-linux-x86_64-fedora-clang, r-devel-linux-x86_64-fedora-gcc, r-devel-windows-ix86+x86_64, r-devel-windows-ix86+x86_64-gcc8, r-patched-linux-x86_64, r-patched-solaris-x86, r-release-linux-x86_64, r-release-windows-ix86+x86_64, r-release-osx-x86_64, r-oldrel-windows-ix86+x86_64, r-oldrel-osx-x86_64

Version: 1.1
Check: R code for possible problems
Result: NOTE
    candidate.overlap: no visible global function definition for
     'write.table'
    fisher: no visible global function definition for 'fisher.test'
    fisher.iteration: no visible global function definition for
     'download.file'
    fisher.iteration: no visible global function definition for
     'read.table'
    pSI.list: no visible global function definition for 'write.table'
    specificity.index: no visible global function definition for 'png'
    specificity.index: no visible global function definition for 'par'
    specificity.index: no visible global function definition for 'dev.off'
    Undefined global functions or variables:
     dev.off download.file fisher.test par png read.table write.table
    Consider adding
     importFrom("grDevices", "dev.off", "png")
     importFrom("graphics", "par")
     importFrom("stats", "fisher.test")
     importFrom("utils", "download.file", "read.table", "write.table")
    to your NAMESPACE file.
Flavors: r-devel-linux-x86_64-debian-clang, r-devel-linux-x86_64-debian-gcc, r-devel-linux-x86_64-fedora-clang, r-devel-linux-x86_64-fedora-gcc, r-devel-windows-ix86+x86_64, r-devel-windows-ix86+x86_64-gcc8, r-patched-linux-x86_64, r-patched-solaris-x86, r-release-linux-x86_64, r-release-windows-ix86+x86_64, r-release-osx-x86_64, r-oldrel-windows-ix86+x86_64, r-oldrel-osx-x86_64

Version: 1.1
Check: for non-standard things in the check directory
Result: NOTE
    Found the following files/directories:
     'gene_count_1.csv'
Flavors: r-devel-linux-x86_64-debian-clang, r-devel-linux-x86_64-debian-gcc, r-devel-linux-x86_64-fedora-clang, r-devel-linux-x86_64-fedora-gcc