CRAN Package Check Results for Package packagedocs

Last updated on 2019-09-23 17:47:11 CEST.

Flavor Version Tinstall Tcheck Ttotal Status Flags
r-devel-linux-x86_64-debian-clang 0.4.0 8.44 67.33 75.77 NOTE
r-devel-linux-x86_64-debian-gcc 0.4.0 8.16 52.25 60.41 NOTE
r-devel-linux-x86_64-fedora-clang 0.4.0 92.29 NOTE
r-devel-linux-x86_64-fedora-gcc 0.4.0 92.54 NOTE
r-devel-windows-ix86+x86_64 0.4.0 35.00 138.00 173.00 NOTE
r-patched-linux-x86_64 0.4.0 7.49 66.52 74.01 NOTE
r-patched-solaris-x86 0.4.0 128.10 NOTE
r-release-linux-x86_64 0.4.0 8.41 67.01 75.42 NOTE
r-release-windows-ix86+x86_64 0.4.0 36.00 113.00 149.00 NOTE
r-release-osx-x86_64 0.4.0 OK
r-oldrel-windows-ix86+x86_64 0.4.0 11.00 72.00 83.00 NOTE
r-oldrel-osx-x86_64 0.4.0 OK

Check Details

Version: 0.4.0
Check: dependencies in R code
Result: NOTE
    Missing or unexported objects:
     'devtools::use_build_ignore' 'devtools::use_travis'
Flavors: r-devel-linux-x86_64-debian-clang, r-devel-linux-x86_64-debian-gcc, r-devel-linux-x86_64-fedora-clang, r-devel-linux-x86_64-fedora-gcc, r-devel-windows-ix86+x86_64, r-patched-linux-x86_64, r-patched-solaris-x86, r-release-linux-x86_64, r-release-windows-ix86+x86_64, r-oldrel-windows-ix86+x86_64