CRAN Package Check Results for Package packagepal

Last updated on 2024-06-13 15:48:32 CEST.

Flavor Version Tinstall Tcheck Ttotal Status Flags
r-devel-linux-x86_64-debian-clang 0.1.0 4.53 37.06 41.59 OK
r-devel-linux-x86_64-debian-gcc 0.1.0 0.33 1.72 2.05 ERROR
r-devel-linux-x86_64-fedora-clang 0.1.0 52.68 OK
r-devel-linux-x86_64-fedora-gcc 0.1.0 49.21 OK
r-devel-windows-x86_64 0.1.0 4.00 49.00 53.00 OK
r-patched-linux-x86_64 0.1.0 3.54 36.52 40.06 OK
r-release-linux-x86_64 0.1.0 4.20 36.23 40.43 OK
r-release-macos-arm64 0.1.0 19.00 OK
r-release-macos-x86_64 0.1.0 29.00 OK
r-release-windows-x86_64 0.1.0 6.00 49.00 55.00 OK
r-oldrel-macos-arm64 0.1.0 22.00 OK
r-oldrel-macos-x86_64 0.1.0 31.00 OK
r-oldrel-windows-x86_64 0.1.0 6.00 52.00 58.00 OK

Check Details

Version: 0.1.0
Check: package dependencies
Result: ERROR Packages required but not available: 'available', 'usethis' Package suggested but not available for checking: ‘testthat’ See section ‘The DESCRIPTION file’ in the ‘Writing R Extensions’ manual. Flavor: r-devel-linux-x86_64-debian-gcc