Last updated on 2023-03-29 08:53:46 CEST.
Flavor | Version | Tinstall | Tcheck | Ttotal | Status | Flags |
---|---|---|---|---|---|---|
r-devel-linux-x86_64-debian-clang | 0.4.2 | 124.95 | 161.83 | 286.78 | OK | |
r-devel-linux-x86_64-debian-gcc | 0.4.2 | 98.21 | 110.48 | 208.69 | OK | |
r-devel-linux-x86_64-fedora-clang | 0.4.2 | 391.53 | OK | |||
r-devel-linux-x86_64-fedora-gcc | 0.4.2 | 358.75 | OK | |||
r-devel-windows-x86_64 | 0.4.2 | 129.00 | 0.00 | 129.00 | OK | |
r-patched-linux-x86_64 | 0.4.2 | 105.70 | 155.91 | 261.61 | OK | |
r-release-linux-x86_64 | 0.4.2 | 104.25 | 160.40 | 264.65 | OK | |
r-release-macos-arm64 | 0.4.2 | 96.00 | NOTE | |||
r-release-macos-x86_64 | 0.4.2 | 122.00 | NOTE | |||
r-release-windows-x86_64 | 0.4.2 | 361.00 | 217.00 | 578.00 | OK | |
r-oldrel-macos-arm64 | 0.4.2 | 99.00 | NOTE | |||
r-oldrel-macos-x86_64 | 0.4.2 | 126.00 | NOTE | |||
r-oldrel-windows-ix86+x86_64 | 0.4.2 | 285.00 | 373.00 | 658.00 | OK |
Version: 0.4.2
Check: installed package size
Result: NOTE
installed size is 5.9Mb
sub-directories of 1Mb or more:
libs 5.6Mb
Flavors: r-release-macos-arm64, r-release-macos-x86_64, r-oldrel-macos-arm64, r-oldrel-macos-x86_64