CRAN Package Check Results for Package palasso

Last updated on 2020-01-23 04:47:42 CET.

Flavor Version Tinstall Tcheck Ttotal Status Flags
r-devel-linux-x86_64-debian-clang 0.0.7 6.11 61.70 67.81 NOTE
r-devel-linux-x86_64-debian-gcc 0.0.7 6.54 47.19 53.73 NOTE
r-devel-linux-x86_64-fedora-clang 0.0.7 81.33 NOTE
r-devel-linux-x86_64-fedora-gcc 0.0.7 80.51 NOTE
r-devel-windows-ix86+x86_64 0.0.7 17.00 83.00 100.00 OK
r-devel-windows-ix86+x86_64-gcc8 0.0.7 19.00 70.00 89.00 NOTE
r-patched-linux-x86_64 0.0.7 5.93 54.67 60.60 NOTE
r-patched-solaris-x86 0.0.7 100.60 NOTE
r-release-linux-x86_64 0.0.7 5.16 55.82 60.98 NOTE
r-release-windows-ix86+x86_64 0.0.7 14.00 71.00 85.00 OK
r-release-osx-x86_64 0.0.7 NOTE
r-oldrel-windows-ix86+x86_64 0.0.7 5.00 62.00 67.00 OK
r-oldrel-osx-x86_64 0.0.7 OK

Check Details

Version: 0.0.7
Check: package dependencies
Result: NOTE
    Packages which this enhances but not available for checking:
     'ashr', 'CorShrink'
Flavors: r-devel-linux-x86_64-debian-clang, r-devel-linux-x86_64-debian-gcc, r-devel-linux-x86_64-fedora-clang, r-devel-linux-x86_64-fedora-gcc, r-patched-linux-x86_64, r-patched-solaris-x86, r-release-linux-x86_64

Version: 0.0.7
Check: package dependencies
Result: NOTE
    Package which this enhances but not available for checking: 'CorShrink'
Flavors: r-devel-windows-ix86+x86_64-gcc8, r-release-osx-x86_64