CRAN Package Check Results for Package palasso

Last updated on 2019-09-15 10:48:10 CEST.

Flavor Version Tinstall Tcheck Ttotal Status Flags
r-devel-linux-x86_64-debian-clang 0.0.5 3.40 46.94 50.34 NOTE
r-devel-linux-x86_64-debian-gcc 0.0.5 2.71 36.45 39.16 NOTE
r-devel-linux-x86_64-fedora-clang 0.0.5 60.11 NOTE
r-devel-linux-x86_64-fedora-gcc 0.0.5 59.11 NOTE
r-devel-windows-ix86+x86_64 0.0.5 9.00 56.00 65.00 OK
r-patched-linux-x86_64 0.0.5 4.00 46.01 50.01 NOTE
r-patched-solaris-x86 0.0.5 80.40 NOTE
r-release-linux-x86_64 0.0.5 4.09 45.76 49.85 NOTE
r-release-windows-ix86+x86_64 0.0.5 7.00 78.00 85.00 OK
r-release-osx-x86_64 0.0.5 NOTE
r-oldrel-windows-ix86+x86_64 0.0.5 6.00 55.00 61.00 OK
r-oldrel-osx-x86_64 0.0.5 OK

Check Details

Version: 0.0.5
Check: package dependencies
Result: NOTE
    Package which this enhances but not available for checking: 'CorShrink'
Flavors: r-devel-linux-x86_64-debian-clang, r-devel-linux-x86_64-debian-gcc, r-devel-linux-x86_64-fedora-clang, r-devel-linux-x86_64-fedora-gcc, r-patched-linux-x86_64, r-patched-solaris-x86, r-release-linux-x86_64

Version: 0.0.5
Check: package dependencies
Result: NOTE
    Packages which this enhances but not available for checking:
     'CorShrink', 'edgeR'
Flavor: r-release-osx-x86_64