CRAN Package Check Results for Package palmid

Last updated on 2022-01-24 21:51:19 CET.

Flavor Version Tinstall Tcheck Ttotal Status Flags
r-devel-linux-x86_64-debian-clang 0.0.3 8.08 86.08 94.16 OK
r-devel-linux-x86_64-debian-gcc 0.0.3 6.68 63.41 70.09 OK
r-devel-linux-x86_64-fedora-clang 0.0.3 109.74 NOTE
r-devel-linux-x86_64-fedora-gcc 0.0.3 98.51 NOTE
r-devel-windows-x86_64-new-UL 0.0.3 33.00 114.00 147.00 OK
r-devel-windows-x86_64-new-TK 0.0.3 NOTE
r-patched-linux-x86_64 0.0.3 7.27 79.80 87.07 OK
r-release-linux-x86_64 0.0.3 5.28 78.46 83.74 OK
r-release-macos-arm64 0.0.3 NOTE
r-release-macos-x86_64 0.0.3 NOTE
r-release-windows-ix86+x86_64 0.0.3 19.00 102.00 121.00 OK
r-oldrel-macos-x86_64 0.0.3 NOTE
r-oldrel-windows-ix86+x86_64 0.0.3 19.00 108.00 127.00 OK

Check Details

Version: 0.0.3
Check: dependencies in R code
Result: NOTE
    Namespaces in Imports field not imported from:
     ‘DT’ ‘dbplyr’ ‘downloadthis’ ‘ggExtra’ ‘htmlwidgets’ ‘methods’
     ‘rmarkdown’ ‘scales’
     All declared Imports should be used.
Flavors: r-devel-linux-x86_64-fedora-clang, r-devel-linux-x86_64-fedora-gcc, r-devel-windows-x86_64-new-TK, r-release-macos-arm64, r-release-macos-x86_64, r-oldrel-macos-x86_64