CRAN Package Check Results for Package pander

Last updated on 2019-08-25 21:48:06 CEST.

Flavor Version Tinstall Tcheck Ttotal Status Flags
r-devel-linux-x86_64-debian-clang 0.6.3 28.24 76.38 104.62 OK
r-devel-linux-x86_64-debian-gcc 0.6.3 21.68 60.04 81.72 OK
r-devel-linux-x86_64-fedora-clang 0.6.3 138.34 OK
r-devel-linux-x86_64-fedora-gcc 0.6.3 135.24 OK
r-devel-windows-ix86+x86_64 0.6.3 106.00 111.00 217.00 OK
r-patched-linux-x86_64 0.6.3 26.23 74.55 100.78 OK
r-patched-solaris-x86 0.6.3 152.40 OK
r-release-linux-x86_64 0.6.3 26.61 74.58 101.19 OK
r-release-windows-ix86+x86_64 0.6.3 56.00 157.00 213.00 OK
r-release-osx-x86_64 0.6.3 WARN
r-oldrel-windows-ix86+x86_64 0.6.3 128.00 130.00 258.00 OK
r-oldrel-osx-x86_64 0.6.3 OK

Check Details

Version: 0.6.3
Check: re-building of vignette outputs
Result: WARN
    Error(s) in re-building vignettes:
    --- re-building ‘evals.Rmd’ using rmarkdown
    Warning in engine$weave(file, quiet = quiet, encoding = enc) :
     Pandoc (>= 1.12.3) and/or pandoc-citeproc not available. Falling back to R Markdown v1.
    Quitting from lines 13-19 (evals.Rmd)
    Error: processing vignette 'evals.Rmd' failed with diagnostics:
    package or namespace load failed for 'futile.logger' in loadNamespace(j <- i[[1L]], c(lib.loc, .libPaths()), versionCheck = vI[[j]]):
     there is no package called 'formatR'
    --- failed re-building ‘evals.Rmd’
    
    --- re-building ‘knitr.Rmd’ using rmarkdown
    Warning in engine$weave(file, quiet = quiet, encoding = enc) :
     Pandoc (>= 1.12.3) and/or pandoc-citeproc not available. Falling back to R Markdown v1.
    --- finished re-building ‘knitr.Rmd’
    
    --- re-building ‘pander.Rmd’ using rmarkdown
    Warning in engine$weave(file, quiet = quiet, encoding = enc) :
     Pandoc (>= 1.12.3) and/or pandoc-citeproc not available. Falling back to R Markdown v1.
    Loading required package: Hmisc
    Loading required package: lattice
    Loading required package: survival
    Loading required package: Formula
    Loading required package: ggplot2
    
    Attaching package: 'Hmisc'
    
    The following objects are masked from 'package:base':
    
     format.pval, units
    
    --- finished re-building ‘pander.Rmd’
    
    --- re-building ‘pandoc_table.Rmd’ using rmarkdown
    Warning in engine$weave(file, quiet = quiet, encoding = enc) :
     Pandoc (>= 1.12.3) and/or pandoc-citeproc not available. Falling back to R Markdown v1.
    --- finished re-building ‘pandoc_table.Rmd’
    
    SUMMARY: processing the following file failed:
     ‘evals.Rmd’
    
    Error: Vignette re-building failed.
    Execution halted
Flavor: r-release-osx-x86_64