CRAN Package Check Results for Package papci

Last updated on 2022-01-22 22:52:19 CET.

Flavor Version Tinstall Tcheck Ttotal Status Flags
r-devel-linux-x86_64-debian-clang 0.1.0 15.45 131.06 146.51 OK
r-devel-linux-x86_64-debian-gcc 0.1.0 12.99 96.36 109.35 OK
r-devel-linux-x86_64-fedora-clang 0.1.0 176.54 NOTE
r-devel-linux-x86_64-fedora-gcc 0.1.0 175.07 NOTE
r-devel-windows-x86_64-new-UL 0.1.0 25.00 145.00 170.00 OK
r-devel-windows-x86_64-new-TK 0.1.0 NOTE
r-patched-linux-x86_64 0.1.0 16.67 122.70 139.37 OK
r-release-linux-x86_64 0.1.0 10.04 124.96 135.00 OK
r-release-macos-arm64 0.1.0 NOTE
r-release-macos-x86_64 0.1.0 NOTE
r-release-windows-ix86+x86_64 0.1.0 38.00 142.00 180.00 OK
r-oldrel-macos-x86_64 0.1.0 NOTE
r-oldrel-windows-ix86+x86_64 0.1.0 37.00 142.00 179.00 OK

Check Details

Version: 0.1.0
Check: dependencies in R code
Result: NOTE
    Namespace in Imports field not imported from: ‘DT’
     All declared Imports should be used.
Flavors: r-devel-linux-x86_64-fedora-clang, r-devel-linux-x86_64-fedora-gcc, r-devel-windows-x86_64-new-TK, r-release-macos-arm64, r-release-macos-x86_64, r-oldrel-macos-x86_64