CRAN Package Check Results for Package papci

Last updated on 2024-07-24 06:57:22 CEST.

Flavor Version Tinstall Tcheck Ttotal Status Flags
r-devel-linux-x86_64-debian-clang 0.1.0 7.81 69.40 77.21 NOTE
r-devel-linux-x86_64-debian-gcc 0.1.0 6.38 52.18 58.56 NOTE
r-devel-linux-x86_64-fedora-clang 0.1.0 100.82 NOTE
r-devel-linux-x86_64-fedora-gcc 0.1.0 91.64 NOTE
r-devel-windows-x86_64 0.1.0 9.00 69.00 78.00 NOTE
r-patched-linux-x86_64 0.1.0 14.27 66.47 80.74 NOTE
r-release-linux-x86_64 0.1.0 5.33 65.83 71.16 NOTE
r-release-macos-arm64 0.1.0 30.00 NOTE
r-release-macos-x86_64 0.1.0 43.00 NOTE
r-release-windows-x86_64 0.1.0 9.00 69.00 78.00 NOTE
r-oldrel-macos-arm64 0.1.0 31.00 OK
r-oldrel-macos-x86_64 0.1.0 45.00 OK
r-oldrel-windows-x86_64 0.1.0 13.00 81.00 94.00 OK

Check Details

Version: 0.1.0
Check: Rd files
Result: NOTE checkRd: (-1) agreement.Rd:52: Lost braces in \itemize; meant \describe ? checkRd: (-1) agreement.Rd:53-54: Lost braces in \itemize; meant \describe ? checkRd: (-1) agreement.Rd:55: Lost braces in \itemize; meant \describe ? checkRd: (-1) agreement.Rd:56: Lost braces in \itemize; meant \describe ? checkRd: (-1) agreement.Rd:57: Lost braces in \itemize; meant \describe ? checkRd: (-1) agreement.Rd:58: Lost braces in \itemize; meant \describe ? checkRd: (-1) papciUI.Rd:33: Lost braces in \itemize; meant \describe ? checkRd: (-1) papciUI.Rd:34-35: Lost braces in \itemize; meant \describe ? checkRd: (-1) papciUI.Rd:36: Lost braces in \itemize; meant \describe ? checkRd: (-1) papciUI.Rd:37: Lost braces in \itemize; meant \describe ? checkRd: (-1) papciUI.Rd:38: Lost braces in \itemize; meant \describe ? checkRd: (-1) papciUI.Rd:39: Lost braces in \itemize; meant \describe ? Flavors: r-devel-linux-x86_64-debian-clang, r-devel-linux-x86_64-debian-gcc, r-devel-linux-x86_64-fedora-clang, r-devel-linux-x86_64-fedora-gcc, r-devel-windows-x86_64, r-patched-linux-x86_64, r-release-linux-x86_64, r-release-macos-arm64, r-release-macos-x86_64, r-release-windows-x86_64

Version: 0.1.0
Check: Rd cross-references
Result: NOTE Found the following Rd file(s) with Rd \link{} targets missing package anchors: agreement.Rd: binom.confint papciUI.Rd: binom.confint Please provide package anchors for all Rd \link{} targets not in the package itself and the base packages. Flavors: r-devel-linux-x86_64-debian-gcc, r-devel-windows-x86_64

Version: 0.1.0
Check: dependencies in R code
Result: NOTE Namespace in Imports field not imported from: ‘DT’ All declared Imports should be used. Flavors: r-devel-linux-x86_64-fedora-clang, r-devel-linux-x86_64-fedora-gcc