CRAN Package Check Results for Package parallelMCMCcombine

Last updated on 2019-09-22 08:48:21 CEST.

Flavor Version Tinstall Tcheck Ttotal Status Flags
r-devel-linux-x86_64-debian-clang 1.0 1.75 22.17 23.92 NOTE
r-devel-linux-x86_64-debian-gcc 1.0 1.47 17.73 19.20 NOTE
r-devel-linux-x86_64-fedora-clang 1.0 30.01 NOTE
r-devel-linux-x86_64-fedora-gcc 1.0 29.51 NOTE
r-devel-windows-ix86+x86_64 1.0 8.00 33.00 41.00 NOTE
r-patched-linux-x86_64 1.0 1.39 22.08 23.47 NOTE
r-patched-solaris-x86 1.0 46.30 NOTE
r-release-linux-x86_64 1.0 1.75 22.05 23.80 NOTE
r-release-windows-ix86+x86_64 1.0 4.00 38.00 42.00 NOTE
r-release-osx-x86_64 1.0 NOTE
r-oldrel-windows-ix86+x86_64 1.0 3.00 32.00 35.00 NOTE
r-oldrel-osx-x86_64 1.0 NOTE

Check Details

Version: 1.0
Check: R code for possible problems
Result: NOTE
    consensusMCcov: no visible global function definition for 'var'
    consensusMCcov: no visible global function definition for 'cov'
    consensusMCindep: no visible global function definition for 'var'
    semiparamDPE: no visible binding for global variable 'var'
    semiparamDPE: no visible global function definition for 'cov'
    semiparamDPE: no visible global function definition for 'runif'
    Undefined global functions or variables:
     cov runif var
    Consider adding
     importFrom("stats", "cov", "runif", "var")
    to your NAMESPACE file.
Flavors: r-devel-linux-x86_64-debian-clang, r-devel-linux-x86_64-debian-gcc, r-devel-linux-x86_64-fedora-clang, r-devel-linux-x86_64-fedora-gcc, r-devel-windows-ix86+x86_64, r-patched-linux-x86_64, r-patched-solaris-x86, r-release-linux-x86_64, r-release-windows-ix86+x86_64, r-release-osx-x86_64, r-oldrel-windows-ix86+x86_64, r-oldrel-osx-x86_64