CRAN Package Check Results for Package parallelMap

Last updated on 2019-08-18 18:47:55 CEST.

Flavor Version Tinstall Tcheck Ttotal Status Flags
r-devel-linux-x86_64-debian-clang 1.4 2.71 51.79 54.50 OK
r-devel-linux-x86_64-debian-gcc 1.4 2.39 43.65 46.04 OK
r-devel-linux-x86_64-fedora-clang 1.4 56.77 OK
r-devel-linux-x86_64-fedora-gcc 1.4 55.10 OK
r-devel-windows-ix86+x86_64 1.4 10.00 87.00 97.00 OK
r-patched-linux-x86_64 1.4 2.54 50.34 52.88 OK
r-patched-solaris-x86 1.4 97.00 OK
r-release-linux-x86_64 1.4 2.44 49.09 51.53 OK
r-release-windows-ix86+x86_64 1.4 6.00 68.00 74.00 OK
r-release-osx-x86_64 1.4 NOTE
r-oldrel-windows-ix86+x86_64 1.4 13.00 88.00 101.00 OK
r-oldrel-osx-x86_64 1.4 NOTE

Check Details

Version: 1.4
Check: package dependencies
Result: NOTE
    Package suggested but not available for checking: ‘Rmpi’
Flavors: r-release-osx-x86_64, r-oldrel-osx-x86_64

Version: 1.4
Check: Rd cross-references
Result: NOTE
    Package unavailable to check Rd xrefs: ‘Rmpi’
Flavors: r-release-osx-x86_64, r-oldrel-osx-x86_64