CRAN Package Check Results for Package parallelMap

Last updated on 2019-12-10 06:48:13 CET.

Flavor Version Tinstall Tcheck Ttotal Status Flags
r-devel-linux-x86_64-debian-clang 1.4 3.25 54.60 57.85 OK
r-devel-linux-x86_64-debian-gcc 1.4 2.29 46.45 48.74 OK
r-devel-linux-x86_64-fedora-clang 1.4 63.01 OK
r-devel-linux-x86_64-fedora-gcc 1.4 59.52 OK
r-devel-windows-ix86+x86_64 1.4 6.00 90.00 96.00 OK
r-devel-windows-ix86+x86_64-gcc8 1.4 8.00 98.00 106.00 OK
r-patched-linux-x86_64 1.4 2.24 48.87 51.11 OK
r-patched-solaris-x86 1.4 90.10 OK
r-release-linux-x86_64 1.4 2.52 48.11 50.63 OK
r-release-windows-ix86+x86_64 1.4 7.00 66.00 73.00 OK
r-release-osx-x86_64 1.4 NOTE
r-oldrel-windows-ix86+x86_64 1.4 4.00 65.00 69.00 OK
r-oldrel-osx-x86_64 1.4 NOTE

Check Details

Version: 1.4
Check: package dependencies
Result: NOTE
    Package suggested but not available for checking: ‘Rmpi’
Flavors: r-release-osx-x86_64, r-oldrel-osx-x86_64

Version: 1.4
Check: Rd cross-references
Result: NOTE
    Package unavailable to check Rd xrefs: ‘Rmpi’
Flavors: r-release-osx-x86_64, r-oldrel-osx-x86_64