CRAN Package Check Results for Package paramtest

Last updated on 2024-05-23 04:59:11 CEST.

Flavor Version Tinstall Tcheck Ttotal Status Flags
r-devel-linux-x86_64-debian-clang 0.1.0 2.61 48.55 51.16 NOTE
r-devel-linux-x86_64-debian-gcc 0.1.0 2.20 36.33 38.53 NOTE
r-devel-linux-x86_64-fedora-clang 0.1.0 65.61 NOTE
r-devel-linux-x86_64-fedora-gcc 0.1.0 73.44 NOTE
r-devel-windows-x86_64 0.1.0 3.00 64.00 67.00 NOTE
r-patched-linux-x86_64 0.1.0 3.16 46.54 49.70 NOTE
r-release-linux-x86_64 0.1.0 2.17 47.16 49.33 NOTE
r-release-macos-arm64 0.1.0 27.00 NOTE
r-release-windows-x86_64 0.1.0 3.00 64.00 67.00 NOTE
r-oldrel-macos-arm64 0.1.0 28.00 NOTE
r-oldrel-macos-x86_64 0.1.0 44.00 NOTE
r-oldrel-windows-x86_64 0.1.0 3.00 68.00 71.00 NOTE

Check Details

Version: 0.1.0
Check: LazyData
Result: NOTE 'LazyData' is specified without a 'data' directory Flavors: r-devel-linux-x86_64-debian-clang, r-devel-linux-x86_64-debian-gcc, r-devel-linux-x86_64-fedora-clang, r-devel-linux-x86_64-fedora-gcc, r-devel-windows-x86_64, r-patched-linux-x86_64, r-release-linux-x86_64, r-release-macos-arm64, r-release-windows-x86_64, r-oldrel-macos-arm64, r-oldrel-macos-x86_64, r-oldrel-windows-x86_64