CRAN Package Check Results for Package parfm

Last updated on 2024-07-18 11:53:04 CEST.

Flavor Version Tinstall Tcheck Ttotal Status Flags
r-devel-linux-x86_64-debian-clang 2.7.7 8.86 215.10 223.96 OK
r-devel-linux-x86_64-debian-gcc 2.7.7 8.47 154.05 162.52 OK
r-devel-linux-x86_64-fedora-clang 2.7.7 270.99 OK
r-devel-linux-x86_64-fedora-gcc 2.7.7 280.40 OK
r-devel-windows-x86_64 2.7.7 9.00 174.00 183.00 NOTE
r-patched-linux-x86_64 2.7.7 13.45 203.44 216.89 OK
r-release-linux-x86_64 2.7.7 10.04 198.20 208.24 OK
r-release-macos-arm64 2.7.7 65.00 OK
r-release-macos-x86_64 2.7.7 107.00 OK
r-release-windows-x86_64 2.7.7 10.00 178.00 188.00 OK
r-oldrel-macos-arm64 2.7.7 74.00 OK
r-oldrel-macos-x86_64 2.7.7 135.00 OK
r-oldrel-windows-x86_64 2.7.7 11.00 216.00 227.00 OK

Check Details

Version: 2.7.7
Check: Rd cross-references
Result: NOTE Found the following Rd file(s) with Rd \link{} targets missing package anchors: parfm.Rd: Surv, optimx select.parfm.Rd: Surv Please provide package anchors for all Rd \link{} targets not in the package itself and the base packages. Flavor: r-devel-windows-x86_64