CRAN Package Check Results for Package parglm

Last updated on 2022-10-04 03:56:48 CEST.

Flavor Version Tinstall Tcheck Ttotal Status Flags
r-devel-linux-x86_64-debian-clang 0.1.7 86.80 84.82 171.62 OK
r-devel-linux-x86_64-debian-gcc 0.1.7 75.42 63.87 139.29 OK
r-devel-linux-x86_64-fedora-clang 0.1.7 256.41 OK
r-devel-linux-x86_64-fedora-gcc 0.1.7 234.26 OK
r-devel-windows-x86_64 0.1.7 159.00 127.00 286.00 OK
r-patched-linux-x86_64 0.1.7 75.18 79.97 155.15 OK
r-release-linux-x86_64 0.1.7 82.53 81.74 164.27 OK
r-release-macos-arm64 0.1.7 61.00 OK
r-release-macos-x86_64 0.1.7 77.00 OK
r-release-windows-x86_64 0.1.7 75.00 130.00 205.00 OK
r-oldrel-macos-arm64 0.1.7 71.00 NOTE
r-oldrel-macos-x86_64 0.1.7 75.00 OK
r-oldrel-windows-ix86+x86_64 0.1.7 229.00 159.00 388.00 OK

Check Details

Version: 0.1.7
Check: installed package size
Result: NOTE
     installed size is 5.5Mb
     sub-directories of 1Mb or more:
     libs 4.7Mb
Flavor: r-oldrel-macos-arm64