CRAN Package Check Results for Package parma

Last updated on 2021-03-08 08:48:36 CET.

Flavor Version Tinstall Tcheck Ttotal Status Flags
r-devel-linux-x86_64-debian-clang 1.5-3 19.30 86.26 105.56 OK
r-devel-linux-x86_64-debian-gcc 1.5-3 14.51 65.10 79.61 OK
r-devel-linux-x86_64-fedora-clang 1.5-3 137.95 NOTE
r-devel-linux-x86_64-fedora-gcc 1.5-3 127.55 NOTE
r-devel-windows-ix86+x86_64 1.5-3 33.00 99.00 132.00 OK
r-devel-windows-x86_64-gcc10-UCRT 1.5-3 OK
r-patched-linux-x86_64 1.5-3 17.16 79.52 96.68 OK
r-patched-solaris-x86 1.5-3 146.00 NOTE
r-release-linux-x86_64 1.5-3 17.10 80.54 97.64 OK
r-release-macos-x86_64 1.5-3 NOTE
r-release-windows-ix86+x86_64 1.5-3 32.00 99.00 131.00 OK
r-oldrel-macos-x86_64 1.5-3 NOTE
r-oldrel-windows-ix86+x86_64 1.5-3 21.00 78.00 99.00 OK

Check Details

Version: 1.5-3
Check: compiled code
Result: NOTE
    File ‘parma/libs/parma.so’:
     Found no calls to: ‘R_registerRoutines’, ‘R_useDynamicSymbols’
    
    It is good practice to register native routines and to disable symbol
    search.
    
    See ‘Writing portable packages’ in the ‘Writing R Extensions’ manual.
Flavors: r-devel-linux-x86_64-fedora-clang, r-devel-linux-x86_64-fedora-gcc

Version: 1.5-3
Check: package dependencies
Result: NOTE
    Package suggested but not available for checking: ‘Rsymphony’
Flavors: r-patched-solaris-x86, r-release-macos-x86_64, r-oldrel-macos-x86_64