CRAN Package Check Results for Package parsermd

Last updated on 2021-10-17 10:49:23 CEST.

Flavor Version Tinstall Tcheck Ttotal Status Flags
r-devel-linux-x86_64-debian-clang 0.1.2 80.82 53.15 133.97 OK
r-devel-linux-x86_64-debian-gcc 0.1.2 42.26 40.83 83.09 OK
r-devel-linux-x86_64-fedora-clang 0.1.2 203.45 NOTE
r-devel-linux-x86_64-fedora-gcc 0.1.2 145.62 OK
r-devel-windows-x86_64 0.1.2 64.00 90.00 154.00 OK
r-devel-windows-x86_64-gcc10-UCRT 0.1.2 OK
r-patched-linux-x86_64 0.1.2 49.27 52.18 101.45 OK
r-patched-solaris-x86 0.1.2 138.60 OK
r-release-linux-x86_64 0.1.2 40.88 51.11 91.99 OK
r-release-macos-arm64 0.1.2 NOTE
r-release-macos-x86_64 0.1.2 NOTE
r-release-windows-ix86+x86_64 0.1.2 128.00 108.00 236.00 OK
r-oldrel-macos-x86_64 0.1.2 NOTE
r-oldrel-windows-ix86+x86_64 0.1.2 121.00 116.00 237.00 OK

Check Details

Version: 0.1.2
Check: installed package size
Result: NOTE
     installed size is 14.5Mb
     sub-directories of 1Mb or more:
     libs 14.1Mb
Flavors: r-devel-linux-x86_64-fedora-clang, r-release-macos-arm64, r-release-macos-x86_64, r-oldrel-macos-x86_64