CRAN Package Check Results for Package parsnip

Last updated on 2022-05-19 12:55:35 CEST.

Flavor Version Tinstall Tcheck Ttotal Status Flags
r-devel-linux-x86_64-debian-clang 0.2.1 30.83 269.54 300.37 OK
r-devel-linux-x86_64-debian-gcc 0.2.1 25.38 197.04 222.42 OK
r-devel-linux-x86_64-fedora-clang 0.2.1 336.89 NOTE
r-devel-linux-x86_64-fedora-gcc 0.2.1 366.32 OK
r-devel-windows-x86_64 0.2.1 172.00 281.00 453.00 OK
r-patched-linux-x86_64 0.2.1 38.62 246.94 285.56 OK
r-release-linux-x86_64 0.2.1 27.57 240.46 268.03 OK
r-release-macos-arm64 0.2.1 78.00 NOTE
r-release-macos-x86_64 0.2.1 181.00 OK
r-release-windows-x86_64 0.2.1 193.00 296.00 489.00 OK
r-oldrel-macos-arm64 0.2.1 73.00 OK
r-oldrel-macos-x86_64 0.2.1 131.00 OK
r-oldrel-windows-ix86+x86_64 0.2.1 61.00 284.00 345.00 OK

Check Details

Version: 0.2.1
Check: Rd cross-references
Result: NOTE
    Undeclared packages ‘Cubist’, ‘rules’, ‘baguette’, ‘ipred’, ‘dbarts’, ‘mboost’, ‘party’, ‘mda’, ‘sda’, ‘sparsediscrim’, ‘klaR’, ‘brulee’, ‘glmnet’, ‘rstan’, ‘rstanarm’, ‘naivebayes’, ‘plsmod’, ‘mixOmics’, ‘pscl’, ‘workflows’, ‘randomForest’, ‘xrf’, ‘flexsurv’, ‘broom’ in Rd xrefs
Flavor: r-devel-linux-x86_64-fedora-clang

Version: 0.2.1
Check: Rd cross-references
Result: NOTE
    Packages unavailable to check Rd xrefs: ‘plsmod’, ‘mixOmics’
Flavor: r-release-macos-arm64