CRAN Package Check Results for Package partitionMap

Last updated on 2020-02-17 19:49:23 CET.

Flavor Version Tinstall Tcheck Ttotal Status Flags
r-devel-linux-x86_64-debian-clang 0.5 2.00 45.49 47.49 NOTE
r-devel-linux-x86_64-debian-gcc 0.5 1.59 32.26 33.85 NOTE
r-devel-linux-x86_64-fedora-clang 0.5 56.86 NOTE
r-devel-linux-x86_64-fedora-gcc 0.5 52.74 NOTE
r-devel-windows-ix86+x86_64 0.5 5.00 48.00 53.00 NOTE
r-devel-windows-ix86+x86_64-gcc8 0.5 9.00 69.00 78.00 NOTE
r-patched-linux-x86_64 0.5 1.62 39.71 41.33 NOTE
r-patched-solaris-x86 0.5 88.20 NOTE
r-release-linux-x86_64 0.5 1.71 39.45 41.16 NOTE
r-release-windows-ix86+x86_64 0.5 5.00 53.00 58.00 NOTE
r-release-osx-x86_64 0.5 NOTE
r-oldrel-windows-ix86+x86_64 0.5 2.00 68.00 70.00 NOTE
r-oldrel-osx-x86_64 0.5 NOTE

Check Details

Version: 0.5
Check: DESCRIPTION meta-information
Result: NOTE
    Malformed Description field: should contain one or more complete sentences.
Flavors: r-devel-linux-x86_64-debian-clang, r-devel-linux-x86_64-debian-gcc, r-devel-linux-x86_64-fedora-clang, r-devel-linux-x86_64-fedora-gcc, r-devel-windows-ix86+x86_64, r-devel-windows-ix86+x86_64-gcc8, r-patched-linux-x86_64, r-patched-solaris-x86, r-release-linux-x86_64, r-release-windows-ix86+x86_64, r-release-osx-x86_64, r-oldrel-windows-ix86+x86_64, r-oldrel-osx-x86_64

Version: 0.5
Check: R code for possible problems
Result: NOTE
    partitionMap: no visible global function definition for 'predict'
    partitionMap: no visible global function definition for 'rnorm'
    partitionMap: no visible binding for global variable 'sd'
    partitionMap: no visible global function definition for 'sd'
    partitionMap: no visible global function definition for 'quantile'
    Undefined global functions or variables:
     predict quantile rnorm sd
    Consider adding
     importFrom("stats", "predict", "quantile", "rnorm", "sd")
    to your NAMESPACE file.
Flavors: r-devel-linux-x86_64-debian-clang, r-devel-linux-x86_64-debian-gcc, r-devel-linux-x86_64-fedora-clang, r-devel-linux-x86_64-fedora-gcc, r-devel-windows-ix86+x86_64, r-devel-windows-ix86+x86_64-gcc8, r-patched-linux-x86_64, r-patched-solaris-x86, r-release-linux-x86_64, r-release-windows-ix86+x86_64, r-release-osx-x86_64, r-oldrel-windows-ix86+x86_64, r-oldrel-osx-x86_64

Version: 0.5
Check: dependencies in R code
Result: NOTE
    Namespace in Imports field not imported from: ‘stats’
     All declared Imports should be used.
Flavors: r-devel-linux-x86_64-fedora-clang, r-devel-linux-x86_64-fedora-gcc, r-patched-solaris-x86, r-release-osx-x86_64, r-oldrel-osx-x86_64