CRAN Package Check Results for Package parzer

Last updated on 2025-01-21 18:49:48 CET.

Flavor Version Tinstall Tcheck Ttotal Status Flags
r-devel-linux-x86_64-debian-clang 0.4.1 36.34 29.53 65.87 NOTE
r-devel-linux-x86_64-debian-gcc 0.4.1 29.75 23.09 52.84 NOTE
r-devel-linux-x86_64-fedora-clang 0.4.1 122.91 NOTE
r-devel-linux-x86_64-fedora-gcc 0.4.1 147.31 NOTE
r-devel-windows-x86_64 0.4.1 39.00 70.00 109.00 NOTE
r-patched-linux-x86_64 0.4.1 41.28 28.12 69.40 NOTE
r-release-linux-x86_64 0.4.1 38.52 27.72 66.24 NOTE
r-release-macos-arm64 0.4.1 39.00 NOTE
r-release-macos-x86_64 0.4.1 49.00 NOTE
r-release-windows-x86_64 0.4.1 36.00 73.00 109.00 NOTE
r-oldrel-macos-arm64 0.4.1 45.00 NOTE
r-oldrel-macos-x86_64 0.4.1 75.00 NOTE
r-oldrel-windows-x86_64 0.4.1 41.00 79.00 120.00 NOTE

Check Details

Version: 0.4.1
Check: C++ specification
Result: NOTE Specified C++11: please drop specification unless essential Flavors: r-devel-linux-x86_64-debian-clang, r-devel-linux-x86_64-debian-gcc, r-devel-linux-x86_64-fedora-clang, r-devel-linux-x86_64-fedora-gcc, r-devel-windows-x86_64, r-patched-linux-x86_64, r-release-linux-x86_64, r-release-macos-arm64, r-release-macos-x86_64, r-release-windows-x86_64, r-oldrel-macos-arm64, r-oldrel-macos-x86_64, r-oldrel-windows-x86_64