CRAN Package Check Results for Package patPRO

Last updated on 2019-09-22 13:46:17 CEST.

Flavor Version Tinstall Tcheck Ttotal Status Flags
r-devel-linux-x86_64-debian-clang 1.1.0 3.71 40.87 44.58 NOTE
r-devel-linux-x86_64-debian-gcc 1.1.0 3.39 31.91 35.30 NOTE
r-devel-linux-x86_64-fedora-clang 1.1.0 54.01 NOTE
r-devel-linux-x86_64-fedora-gcc 1.1.0 54.17 NOTE
r-devel-windows-ix86+x86_64 1.1.0 23.00 59.00 82.00 NOTE
r-patched-linux-x86_64 1.1.0 3.48 40.06 43.54 NOTE
r-patched-solaris-x86 1.1.0 82.50 NOTE
r-release-linux-x86_64 1.1.0 4.07 40.51 44.58 NOTE
r-release-windows-ix86+x86_64 1.1.0 9.00 58.00 67.00 NOTE
r-release-osx-x86_64 1.1.0 NOTE
r-oldrel-windows-ix86+x86_64 1.1.0 7.00 57.00 64.00 NOTE
r-oldrel-osx-x86_64 1.1.0 NOTE

Check Details

Version: 1.1.0
Check: DESCRIPTION meta-information
Result: NOTE
    Checking should be performed on sources prepared by 'R CMD build'.
Flavors: r-devel-linux-x86_64-debian-clang, r-devel-linux-x86_64-debian-gcc, r-devel-linux-x86_64-fedora-clang, r-devel-linux-x86_64-fedora-gcc, r-devel-windows-ix86+x86_64, r-patched-linux-x86_64, r-patched-solaris-x86, r-release-linux-x86_64, r-release-windows-ix86+x86_64, r-release-osx-x86_64, r-oldrel-windows-ix86+x86_64, r-oldrel-osx-x86_64