CRAN Package Check Results for Package patPRO

Last updated on 2020-02-23 10:48:58 CET.

Flavor Version Tinstall Tcheck Ttotal Status Flags
r-devel-linux-x86_64-debian-clang 1.1.0 4.62 46.27 50.89 NOTE
r-devel-linux-x86_64-debian-gcc 1.1.0 3.82 35.09 38.91 NOTE
r-devel-linux-x86_64-fedora-clang 1.1.0 62.85 NOTE
r-devel-linux-x86_64-fedora-gcc 1.1.0 60.26 NOTE
r-devel-windows-ix86+x86_64 1.1.0 13.00 60.00 73.00 NOTE
r-devel-windows-ix86+x86_64-gcc8 1.1.0 20.00 83.00 103.00 NOTE
r-patched-linux-x86_64 1.1.0 NOTE
r-patched-solaris-x86 1.1.0 83.10 NOTE
r-release-linux-x86_64 1.1.0 3.56 40.10 43.66 NOTE
r-release-windows-ix86+x86_64 1.1.0 10.00 58.00 68.00 NOTE
r-release-osx-x86_64 1.1.0 NOTE
r-oldrel-windows-ix86+x86_64 1.1.0 6.00 54.00 60.00 NOTE
r-oldrel-osx-x86_64 1.1.0 NOTE

Check Details

Version: 1.1.0
Check: DESCRIPTION meta-information
Result: NOTE
    Checking should be performed on sources prepared by 'R CMD build'.
Flavors: r-devel-linux-x86_64-debian-clang, r-devel-linux-x86_64-debian-gcc, r-devel-linux-x86_64-fedora-clang, r-devel-linux-x86_64-fedora-gcc, r-devel-windows-ix86+x86_64, r-devel-windows-ix86+x86_64-gcc8, r-patched-linux-x86_64, r-patched-solaris-x86, r-release-linux-x86_64, r-release-windows-ix86+x86_64, r-release-osx-x86_64, r-oldrel-windows-ix86+x86_64, r-oldrel-osx-x86_64