CRAN Package Check Results for Package patternize

Last updated on 2019-08-22 06:48:51 CEST.

Flavor Version Tinstall Tcheck Ttotal Status Flags
r-devel-linux-x86_64-debian-clang 0.0.2 18.70 160.28 178.98 OK
r-devel-linux-x86_64-debian-gcc 0.0.2 17.72 123.05 140.77 OK
r-devel-linux-x86_64-fedora-clang 0.0.2 211.48 OK
r-devel-linux-x86_64-fedora-gcc 0.0.2 210.36 OK
r-devel-windows-ix86+x86_64 0.0.2 55.00 0.00 55.00 FAIL
r-patched-linux-x86_64 0.0.2 19.27 154.84 174.11 OK
r-patched-solaris-x86 0.0.2 334.80 OK
r-release-linux-x86_64 0.0.2 19.82 156.29 176.11 OK
r-release-windows-ix86+x86_64 0.0.2 56.00 225.00 281.00 OK
r-release-osx-x86_64 0.0.2 WARN
r-oldrel-windows-ix86+x86_64 0.0.2 38.00 200.00 238.00 OK
r-oldrel-osx-x86_64 0.0.2 OK

Check Details

Version: 0.0.2
Check: package dependencies
Result: FAIL
    Check process probably crashed or hung up for 20 minutes ... killed
    Most likely this happened in the example checks (?),
    if not, ignore the following last lines of example output:
    
    ======== End of example output (where/before crash/hang up occured ?) ========
Flavor: r-devel-windows-ix86+x86_64

Version: 0.0.2
Check: whether package can be installed
Result: WARN
    Found the following significant warnings:
     Warning: 'rgl_init' failed, running with rgl.useNULL = TRUE
Flavor: r-release-osx-x86_64