CRAN Package Check Results for Package pbatR

Last updated on 2019-09-23 12:47:59 CEST.

Flavor Version Tinstall Tcheck Ttotal Status Flags
r-devel-linux-x86_64-debian-clang 2.2-13 23.88 81.16 105.04 OK
r-devel-linux-x86_64-debian-gcc 2.2-13 17.14 64.03 81.17 OK
r-devel-linux-x86_64-fedora-clang 2.2-13 133.24 OK
r-devel-linux-x86_64-fedora-gcc 2.2-13 128.51 OK
r-devel-windows-ix86+x86_64 2.2-13 59.00 156.00 215.00 OK
r-patched-linux-x86_64 2.2-13 19.92 80.71 100.63 OK
r-patched-solaris-x86 2.2-13 188.80 OK
r-release-linux-x86_64 2.2-13 21.75 82.31 104.06 OK
r-release-windows-ix86+x86_64 2.2-13 57.00 137.00 194.00 OK
r-release-osx-x86_64 2.2-13 FAIL
r-oldrel-windows-ix86+x86_64 2.2-13 36.00 117.00 153.00 OK
r-oldrel-osx-x86_64 2.2-13 OK

Check Details

Version: 2.2-13
Check: whether package can be installed
Result: FAIL
    
Flavor: r-release-osx-x86_64