CRAN Package Check Results for Package pbatR

Last updated on 2020-02-19 22:57:26 CET.

Flavor Version Tinstall Tcheck Ttotal Status Flags
r-devel-linux-x86_64-debian-clang 2.2-13 24.79 91.67 116.46 OK
r-devel-linux-x86_64-debian-gcc 2.2-13 16.92 69.41 86.33 OK
r-devel-linux-x86_64-fedora-clang 2.2-13 147.46 OK
r-devel-linux-x86_64-fedora-gcc 2.2-13 139.63 OK
r-devel-windows-ix86+x86_64 2.2-13 37.00 114.00 151.00 OK
r-devel-windows-ix86+x86_64-gcc8 2.2-13 62.00 120.00 182.00 OK
r-patched-linux-x86_64 2.2-13 21.73 80.28 102.01 OK
r-patched-solaris-x86 2.2-13 175.60 OK
r-release-linux-x86_64 2.2-13 22.28 83.81 106.09 OK
r-release-windows-ix86+x86_64 2.2-13 40.00 104.00 144.00 OK
r-release-osx-x86_64 2.2-13 FAIL
r-oldrel-windows-ix86+x86_64 2.2-13 33.00 96.00 129.00 OK
r-oldrel-osx-x86_64 2.2-13 OK

Check Details

Version: 2.2-13
Check: whether package can be installed
Result: FAIL
Flavor: r-release-osx-x86_64