CRAN Package Check Results for Package pbdZMQ

Last updated on 2020-02-23 10:48:58 CET.

Flavor Version Tinstall Tcheck Ttotal Status Flags
r-devel-linux-x86_64-debian-clang 0.3-3 6.85 34.29 41.14 NOTE
r-devel-linux-x86_64-debian-gcc 0.3-3 4.99 27.00 31.99 NOTE
r-devel-linux-x86_64-fedora-clang 0.3-3 52.25 NOTE
r-devel-linux-x86_64-fedora-gcc 0.3-3 50.61 NOTE
r-devel-windows-ix86+x86_64 0.3-3 375.00 76.00 451.00 NOTE
r-devel-windows-ix86+x86_64-gcc8 0.3-3 633.00 78.00 711.00 NOTE
r-patched-linux-x86_64 0.3-3 NOTE
r-patched-solaris-x86 0.3-3 66.10 NOTE
r-release-linux-x86_64 0.3-3 5.41 32.24 37.65 NOTE
r-release-windows-ix86+x86_64 0.3-3 372.00 106.00 478.00 NOTE
r-release-osx-x86_64 0.3-3 WARN
r-oldrel-windows-ix86+x86_64 0.3-3 365.00 68.00 433.00 OK
r-oldrel-osx-x86_64 0.3-3 OK

Check Details

Version: 0.3-3
Check: line endings in C/C++/Fortran sources/headers
Result: NOTE
    Found the following sources/headers with CR or CRLF line endings:
     src/zmqsrc/src/condition_variable.hpp
    Some Unix compilers require LF line endings.
Flavors: r-devel-linux-x86_64-debian-clang, r-devel-linux-x86_64-debian-gcc, r-devel-linux-x86_64-fedora-clang, r-devel-linux-x86_64-fedora-gcc, r-devel-windows-ix86+x86_64, r-devel-windows-ix86+x86_64-gcc8, r-patched-linux-x86_64, r-patched-solaris-x86, r-release-linux-x86_64, r-release-windows-ix86+x86_64, r-release-osx-x86_64

Version: 0.3-3
Check: whether package can be installed
Result: WARN
    Found the following significant warnings:
     WARNING: shared objects/dynamic libraries with hard-coded temporary installation paths
Flavor: r-release-osx-x86_64