CRAN Package Check Results for Package pbdZMQ

Last updated on 2019-10-14 04:46:28 CEST.

Flavor Version Tinstall Tcheck Ttotal Status Flags
r-devel-linux-x86_64-debian-clang 0.3-3 6.22 31.96 38.18 NOTE
r-devel-linux-x86_64-debian-gcc 0.3-3 4.62 25.82 30.44 NOTE
r-devel-linux-x86_64-fedora-clang 0.3-3 49.03 NOTE
r-devel-linux-x86_64-fedora-gcc 0.3-3 47.95 NOTE
r-devel-windows-ix86+x86_64 0.3-3 610.00 76.00 686.00 NOTE
r-patched-linux-x86_64 0.3-3 5.43 31.39 36.82 NOTE
r-patched-solaris-x86 0.3-3 65.40 NOTE
r-release-linux-x86_64 0.3-3 5.41 31.65 37.06 NOTE
r-release-windows-ix86+x86_64 0.3-3 372.00 106.00 478.00 NOTE
r-release-osx-x86_64 0.3-3 WARN
r-oldrel-windows-ix86+x86_64 0.3-3 365.00 68.00 433.00 OK
r-oldrel-osx-x86_64 0.3-3 OK

Check Details

Version: 0.3-3
Check: line endings in C/C++/Fortran sources/headers
Result: NOTE
    Found the following sources/headers with CR or CRLF line endings:
     src/zmqsrc/src/condition_variable.hpp
    Some Unix compilers require LF line endings.
Flavors: r-devel-linux-x86_64-debian-clang, r-devel-linux-x86_64-debian-gcc, r-devel-linux-x86_64-fedora-clang, r-devel-linux-x86_64-fedora-gcc, r-devel-windows-ix86+x86_64, r-patched-linux-x86_64, r-patched-solaris-x86, r-release-linux-x86_64, r-release-windows-ix86+x86_64, r-release-osx-x86_64

Version: 0.3-3
Check: whether package can be installed
Result: WARN
    Found the following significant warnings:
     WARNING: shared objects/dynamic libraries with hard-coded temporary installation paths
Flavor: r-release-osx-x86_64