Last updated on 2021-03-06 16:47:06 CET.
Flavor | Version | Tinstall | Tcheck | Ttotal | Status | Flags |
---|---|---|---|---|---|---|
r-devel-linux-x86_64-debian-clang | 1.5.2 | 1081.05 | 235.16 | 1316.21 | NOTE | |
r-devel-linux-x86_64-debian-gcc | 1.5.2 | 912.24 | 220.74 | 1132.98 | NOTE | |
r-devel-linux-x86_64-fedora-clang | 1.5.2 | 1859.48 | NOTE | |||
r-devel-linux-x86_64-fedora-gcc | 1.5.2 | 1955.53 | NOTE | |||
r-devel-windows-ix86+x86_64 | 1.5.2 | 2280.00 | 502.00 | 2782.00 | NOTE | |
r-devel-windows-x86_64-gcc10-UCRT | 1.5.2 | ERROR | ||||
r-patched-linux-x86_64 | 1.5.2 | NOTE | ||||
r-patched-solaris-x86 | 1.5.2 | 1669.30 | NOTE | |||
r-release-linux-x86_64 | 1.5.2 | 998.52 | 278.90 | 1277.42 | NOTE | |
r-release-macos-x86_64 | 1.5.2 | NOTE | ||||
r-release-windows-ix86+x86_64 | 1.5.2 | 1659.00 | 466.00 | 2125.00 | NOTE | |
r-oldrel-macos-x86_64 | 1.5.2 | NOTE | ||||
r-oldrel-windows-ix86+x86_64 | 1.5.2 | 1601.00 | 458.00 | 2059.00 | NOTE |
Version: 1.5.2
Check: for GNU extensions in Makefiles
Result: NOTE
GNU make is a SystemRequirements.
Flavors: r-devel-linux-x86_64-debian-clang, r-devel-linux-x86_64-debian-gcc, r-devel-linux-x86_64-fedora-clang, r-devel-linux-x86_64-fedora-gcc, r-devel-windows-ix86+x86_64, r-patched-linux-x86_64, r-patched-solaris-x86, r-release-linux-x86_64, r-release-macos-x86_64, r-release-windows-ix86+x86_64, r-oldrel-macos-x86_64, r-oldrel-windows-ix86+x86_64
Version: 1.5.2
Check: installed package size
Result: NOTE
installed size is 163.5Mb
sub-directories of 1Mb or more:
doc 2.9Mb
libs 159.9Mb
Flavors: r-devel-linux-x86_64-fedora-clang, r-devel-windows-ix86+x86_64, r-patched-solaris-x86, r-release-macos-x86_64, r-release-windows-ix86+x86_64, r-oldrel-macos-x86_64, r-oldrel-windows-ix86+x86_64
Version: 1.5.2
Check: package dependencies
Result: ERROR
Package required but not available: 'rstan'
See section 'The DESCRIPTION file' in the 'Writing R Extensions'
manual.
Flavor: r-devel-windows-x86_64-gcc10-UCRT