CRAN Package Check Results for Package pdR

Last updated on 2021-01-27 11:50:30 CET.

Flavor Version Tinstall Tcheck Ttotal Status Flags
r-devel-linux-x86_64-debian-clang 1.7 11.22 78.77 89.99 OK
r-devel-linux-x86_64-debian-gcc 1.7 OK
r-devel-linux-x86_64-fedora-clang 1.7 114.58 NOTE
r-devel-linux-x86_64-fedora-gcc 1.7 110.75 NOTE
r-devel-windows-ix86+x86_64 1.7 20.00 82.00 102.00 OK
r-patched-linux-x86_64 1.7 11.65 72.76 84.41 OK
r-patched-solaris-x86 1.7 146.00 NOTE
r-release-linux-x86_64 1.7 11.04 74.34 85.38 OK
r-release-macos-x86_64 1.7 NOTE
r-release-windows-ix86+x86_64 1.7 19.00 73.00 92.00 OK
r-oldrel-macos-x86_64 1.7 NOTE
r-oldrel-windows-ix86+x86_64 1.7 14.00 73.00 87.00 OK

Check Details

Version: 1.7
Check: dependencies in R code
Result: NOTE
    Namespaces in Imports field not imported from:
     ‘car’ ‘sandwich’
     All declared Imports should be used.
Flavors: r-devel-linux-x86_64-fedora-clang, r-devel-linux-x86_64-fedora-gcc, r-patched-solaris-x86, r-release-macos-x86_64, r-oldrel-macos-x86_64