Last updated on 2022-08-16 13:49:23 CEST.
Flavor | Version | Tinstall | Tcheck | Ttotal | Status | Flags |
---|---|---|---|---|---|---|
r-devel-linux-x86_64-debian-clang | 1.0-3 | 9.02 | 56.86 | 65.88 | OK | |
r-devel-linux-x86_64-debian-gcc | 1.0-3 | 6.87 | 42.36 | 49.23 | OK | |
r-devel-linux-x86_64-fedora-clang | 1.0-3 | 89.63 | NOTE | |||
r-devel-linux-x86_64-fedora-gcc | 1.0-3 | 85.73 | OK | |||
r-devel-windows-x86_64 | 1.0-3 | 41.00 | 90.00 | 131.00 | OK | |
r-patched-linux-x86_64 | 1.0-3 | 6.92 | 54.16 | 61.08 | OK | |
r-release-linux-x86_64 | 1.0-3 | 7.28 | 53.58 | 60.86 | OK | |
r-release-macos-arm64 | 1.0-3 | 28.00 | OK | |||
r-release-macos-x86_64 | 1.0-3 | 40.00 | OK | |||
r-release-windows-x86_64 | 1.0-3 | 32.00 | 89.00 | 121.00 | OK | |
r-oldrel-macos-arm64 | 1.0-3 | 40.00 | OK | |||
r-oldrel-macos-x86_64 | 1.0-3 | 55.00 | OK | |||
r-oldrel-windows-ix86+x86_64 | 1.0-3 | 23.00 | 109.00 | 132.00 | OK |
Version: 1.0-3
Check: Rd cross-references
Result: NOTE
Undeclared packages ‘sm’, ‘spdep’ in Rd xrefs
Flavor: r-devel-linux-x86_64-fedora-clang