CRAN Package Check Results for Package pedometrics

Last updated on 2020-12-05 02:49:51 CET.

Flavor Version Tinstall Tcheck Ttotal Status Flags
r-devel-linux-x86_64-debian-clang 0.7.0 22.07 54.28 76.35 OK
r-devel-linux-x86_64-debian-gcc 0.7.0 13.95 44.02 57.97 OK
r-devel-linux-x86_64-fedora-clang 0.7.0 101.76 NOTE
r-devel-linux-x86_64-fedora-gcc 0.7.0 83.55 OK
r-devel-windows-ix86+x86_64 0.7.0 46.00 116.00 162.00 OK
r-patched-linux-x86_64 0.7.0 16.13 52.43 68.56 OK
r-patched-solaris-x86 0.7.0 104.30 OK
r-release-linux-x86_64 0.7.0 16.28 50.23 66.51 OK
r-release-macos-x86_64 0.7.0 OK
r-release-windows-ix86+x86_64 0.7.0 37.00 77.00 114.00 OK
r-oldrel-macos-x86_64 0.7.0 NOTE
r-oldrel-windows-ix86+x86_64 0.7.0 44.00 90.00 134.00 OK

Check Details

Version: 0.7.0
Check: Rd cross-references
Result: NOTE
    Undeclared packages ‘Hmisc’, ‘vcd’, ‘VecStatGraphs2D’, ‘mvtsplot’, ‘matrixStats’, ‘RandomFields’, ‘automap’, ‘spsann’ in Rd xrefs
Flavor: r-devel-linux-x86_64-fedora-clang

Version: 0.7.0
Check: dependencies in R code
Result: NOTE
    No protocol specified
    No protocol specified
Flavor: r-oldrel-macos-x86_64