CRAN Package Check Results for Package pegas

Last updated on 2020-12-05 02:49:51 CET.

Flavor Version Tinstall Tcheck Ttotal Status Flags
r-devel-linux-x86_64-debian-clang 0.14 27.70 217.87 245.57 OK
r-devel-linux-x86_64-debian-gcc 0.14 23.92 163.69 187.61 OK
r-devel-linux-x86_64-fedora-clang 0.14 302.90 NOTE
r-devel-linux-x86_64-fedora-gcc 0.14 289.29 OK
r-devel-windows-ix86+x86_64 0.14 61.00 339.00 400.00 OK
r-patched-linux-x86_64 0.14 25.94 197.86 223.80 OK
r-patched-solaris-x86 0.14 409.80 OK
r-release-linux-x86_64 0.14 24.79 198.78 223.57 OK
r-release-macos-x86_64 0.14 OK
r-release-windows-ix86+x86_64 0.14 43.00 267.00 310.00 OK
r-oldrel-macos-x86_64 0.14 OK
r-oldrel-windows-ix86+x86_64 0.14 52.00 274.00 326.00 OK

Check Details

Version: 0.14
Check: Rd cross-references
Result: NOTE
    Undeclared packages ‘ade4’, ‘vegan’ in Rd xrefs
Flavor: r-devel-linux-x86_64-fedora-clang