CRAN Package Check Results for Package perfectphyloR

Last updated on 2020-07-09 21:48:36 CEST.

Flavor Version Tinstall Tcheck Ttotal Status Flags
r-devel-linux-x86_64-debian-clang 0.2.0 58.30 47.15 105.45 NOTE
r-devel-linux-x86_64-debian-gcc 0.2.0 39.50 36.36 75.86 NOTE
r-devel-linux-x86_64-fedora-clang 0.2.0 135.63 NOTE
r-devel-linux-x86_64-fedora-gcc 0.2.0 91.42 NOTE
r-devel-windows-ix86+x86_64 0.2.0 120.00 102.00 222.00 OK
r-patched-linux-x86_64 0.2.0 44.12 46.89 91.01 NOTE
r-patched-solaris-x86 0.2.0 130.80 NOTE
r-release-linux-x86_64 0.2.0 42.93 46.58 89.51 NOTE
r-release-osx-x86_64 0.2.0 OK
r-release-windows-ix86+x86_64 0.2.0 114.00 100.00 214.00 OK
r-oldrel-osx-x86_64 0.2.0 OK
r-oldrel-windows-ix86+x86_64 0.2.0 135.00 88.00 223.00 OK

Check Details

Version: 0.2.0
Check: package dependencies
Result: NOTE
    Package suggested but not available for checking: 'vcfR'
Flavors: r-devel-linux-x86_64-debian-clang, r-devel-linux-x86_64-debian-gcc, r-devel-linux-x86_64-fedora-clang, r-devel-linux-x86_64-fedora-gcc, r-patched-linux-x86_64, r-patched-solaris-x86, r-release-linux-x86_64