Last updated on 2023-01-29 08:57:08 CET.
Flavor | Version | Tinstall | Tcheck | Ttotal | Status | Flags |
---|---|---|---|---|---|---|
r-devel-linux-x86_64-debian-clang | 0.10.2 | 22.20 | 218.19 | 240.39 | OK | |
r-devel-linux-x86_64-debian-gcc | 0.10.2 | 14.88 | 154.95 | 169.83 | OK | |
r-devel-linux-x86_64-fedora-clang | 0.10.2 | 301.76 | OK | |||
r-devel-linux-x86_64-fedora-gcc | 0.10.2 | 298.30 | OK | |||
r-devel-windows-x86_64 | 0.10.2 | 135.00 | 284.00 | 419.00 | OK | |
r-patched-linux-x86_64 | 0.10.2 | 19.86 | 198.71 | 218.57 | NOTE | |
r-release-linux-x86_64 | 0.10.2 | 20.04 | 197.52 | 217.56 | OK | |
r-release-macos-arm64 | 0.10.2 | 54.00 | OK | |||
r-release-macos-x86_64 | 0.10.2 | 74.00 | OK | |||
r-release-windows-x86_64 | 0.10.2 | 209.00 | 256.00 | 465.00 | OK | |
r-oldrel-macos-arm64 | 0.10.2 | 54.00 | OK | |||
r-oldrel-macos-x86_64 | 0.10.2 | 72.00 | OK | |||
r-oldrel-windows-ix86+x86_64 | 0.10.2 | 31.00 | 265.00 | 296.00 | OK |
Version: 0.10.2
Check: package dependencies
Result: NOTE
Package suggested but not available for checking: ‘blavaan’
Flavor: r-patched-linux-x86_64