Last updated on 2021-04-15 04:48:49 CEST.
Flavor | Version | Tinstall | Tcheck | Ttotal | Status | Flags |
---|---|---|---|---|---|---|
r-devel-linux-x86_64-debian-clang | 0.15 | 10.22 | 73.62 | 83.84 | OK | --no-examples --no-tests --no-vignettes |
r-devel-linux-x86_64-debian-gcc | 0.15 | 7.62 | 56.95 | 64.57 | OK | --no-examples --no-tests --no-vignettes |
r-devel-windows-x86_64-gcc10-UCRT | 0.15 | OK | ||||
r-patched-linux-x86_64 | 0.15 | 9.42 | 67.47 | 76.89 | OK | --no-examples --no-tests --no-vignettes |
r-release-linux-x86_64 | 0.15 | 8.77 | 67.20 | 75.97 | OK | --no-examples --no-tests --no-vignettes |
r-release-macos-x86_64 | 0.15 | ERROR | ||||
r-oldrel-macos-x86_64 | 0.15 | ERROR |
Version: 0.15
Check: whether package can be installed
Result: ERROR
Installation failed.
Flavors: r-release-macos-x86_64, r-oldrel-macos-x86_64