Last updated on 2023-12-09 10:49:50 CET.
Flavor | Version | Tinstall | Tcheck | Ttotal | Status | Flags |
---|---|---|---|---|---|---|
r-devel-linux-x86_64-debian-clang | 0.2.7 | 18.85 | 464.50 | 483.35 | NOTE | |
r-devel-linux-x86_64-debian-gcc | 0.2.7 | 17.61 | 359.94 | 377.55 | NOTE | |
r-devel-linux-x86_64-fedora-clang | 0.2.7 | 600.98 | OK | |||
r-devel-linux-x86_64-fedora-gcc | 0.2.7 | 633.72 | OK | |||
r-devel-windows-x86_64 | 0.2.7 | 20.00 | 108.00 | 128.00 | OK | --no-examples --no-tests --no-vignettes |
r-patched-linux-x86_64 | 0.2.7 | 16.33 | 469.69 | 486.02 | OK | |
r-release-linux-x86_64 | 0.2.7 | 16.42 | 455.97 | 472.39 | OK | |
r-release-macos-arm64 | 0.2.7 | 194.00 | OK | |||
r-release-macos-x86_64 | 0.2.7 | 320.00 | OK | |||
r-release-windows-x86_64 | 0.2.7 | 26.00 | 94.00 | 120.00 | OK | --no-examples --no-tests --no-vignettes |
r-oldrel-macos-arm64 | 0.2.7 | 193.00 | OK | |||
r-oldrel-macos-x86_64 | 0.2.7 | 226.00 | OK | |||
r-oldrel-windows-x86_64 | 0.2.7 | 27.00 | 104.00 | 131.00 | OK | --no-examples --no-tests --no-vignettes |
Version: 0.2.7
Check: Rd files
Result: NOTE
checkRd: (-1) fit.subgroup.Rd:56: Lost braces in \itemize; meant \describe ?
checkRd: (-1) fit.subgroup.Rd:57: Lost braces in \itemize; meant \describe ?
checkRd: (-1) fit.subgroup.Rd:58: Lost braces in \itemize; meant \describe ?
checkRd: (-1) fit.subgroup.Rd:59: Lost braces in \itemize; meant \describe ?
checkRd: (-1) fit.subgroup.Rd:60: Lost braces in \itemize; meant \describe ?
checkRd: (-1) fit.subgroup.Rd:61: Lost braces in \itemize; meant \describe ?
checkRd: (-1) fit.subgroup.Rd:62: Lost braces in \itemize; meant \describe ?
checkRd: (-1) fit.subgroup.Rd:63: Lost braces in \itemize; meant \describe ?
checkRd: (-1) fit.subgroup.Rd:64: Lost braces in \itemize; meant \describe ?
checkRd: (-1) fit.subgroup.Rd:65: Lost braces in \itemize; meant \describe ?
checkRd: (-1) fit.subgroup.Rd:66: Lost braces in \itemize; meant \describe ?
checkRd: (-1) fit.subgroup.Rd:67: Lost braces in \itemize; meant \describe ?
checkRd: (-1) fit.subgroup.Rd:72: Lost braces in \itemize; meant \describe ?
checkRd: (-1) fit.subgroup.Rd:73: Lost braces in \itemize; meant \describe ?
checkRd: (-1) fit.subgroup.Rd:74: Lost braces in \itemize; meant \describe ?
checkRd: (-1) fit.subgroup.Rd:79: Lost braces in \itemize; meant \describe ?
checkRd: (-1) fit.subgroup.Rd:80: Lost braces in \itemize; meant \describe ?
checkRd: (-1) fit.subgroup.Rd:81: Lost braces in \itemize; meant \describe ?
checkRd: (-1) fit.subgroup.Rd:85: Lost braces in \itemize; meant \describe ?
checkRd: (-1) fit.subgroup.Rd:146-147: Lost braces in \enumerate; meant \describe ?
checkRd: (-1) fit.subgroup.Rd:148: Lost braces in \enumerate; meant \describe ?
checkRd: (-1) fit.subgroup.Rd:156-160: Lost braces in \itemize; meant \describe ?
checkRd: (-1) fit.subgroup.Rd:161: Lost braces in \itemize; meant \describe ?
checkRd: (-1) fit.subgroup.Rd:162: Lost braces in \itemize; meant \describe ?
checkRd: (-1) fit.subgroup.Rd:168: Lost braces in \enumerate; meant \describe ?
checkRd: (-1) fit.subgroup.Rd:169: Lost braces in \enumerate; meant \describe ?
checkRd: (-1) fit.subgroup.Rd:170-171: Lost braces in \enumerate; meant \describe ?
checkRd: (-1) fit.subgroup.Rd:172-173: Lost braces in \enumerate; meant \describe ?
checkRd: (-1) fit.subgroup.Rd:177-178: Lost braces in \itemize; meant \describe ?
checkRd: (-1) fit.subgroup.Rd:179-181: Lost braces in \itemize; meant \describe ?
checkRd: (-1) fit.subgroup.Rd:182: Lost braces in \itemize; meant \describe ?
checkRd: (-1) fit.subgroup.Rd:183: Lost braces in \itemize; meant \describe ?
checkRd: (-1) fit.subgroup.Rd:184: Lost braces in \itemize; meant \describe ?
checkRd: (-1) validate.subgroup.Rd:77-81: Lost braces in \enumerate; meant \describe ?
checkRd: (-1) validate.subgroup.Rd:82-86: Lost braces in \enumerate; meant \describe ?
checkRd: (-1) validate.subgroup.Rd:89-92: Lost braces in \enumerate; meant \describe ?
checkRd: (-1) weighted.ksvm.Rd:21: Lost braces; missing escapes or markup?
21 | \item{y}{The response vector (either a character vector, factor vector, or numeric vector with values in {-1, 1})}
| ^
Flavors: r-devel-linux-x86_64-debian-clang, r-devel-linux-x86_64-debian-gcc