CRAN Package Check Results for Package personalized2part

Last updated on 2024-02-28 07:53:50 CET.

Flavor Version Tinstall Tcheck Ttotal Status Flags
r-devel-linux-x86_64-debian-clang 0.0.1 92.74 134.45 227.19 NOTE
r-devel-linux-x86_64-debian-gcc 0.0.1 67.68 100.45 168.13 NOTE
r-devel-linux-x86_64-fedora-clang 0.0.1 294.52 NOTE
r-devel-linux-x86_64-fedora-gcc 0.0.1 289.60 NOTE
r-devel-windows-x86_64 0.0.1 66.00 126.00 192.00 NOTE
r-patched-linux-x86_64 0.0.1 64.97 131.54 196.51 NOTE
r-release-linux-x86_64 0.0.1 61.17 132.35 193.52 NOTE
r-release-macos-arm64 0.0.1 87.00 NOTE
r-release-macos-x86_64 0.0.1 128.00 NOTE
r-release-windows-x86_64 0.0.1 86.00 156.00 242.00 NOTE
r-oldrel-macos-arm64 0.0.1 71.00 NOTE
r-oldrel-windows-x86_64 0.0.1 85.00 157.00 242.00 NOTE

Check Details

Version: 0.0.1
Check: C++ specification
Result: NOTE Specified C++11: please drop specification unless essential Flavors: r-devel-linux-x86_64-debian-clang, r-devel-linux-x86_64-debian-gcc, r-devel-linux-x86_64-fedora-clang, r-devel-linux-x86_64-fedora-gcc, r-devel-windows-x86_64, r-patched-linux-x86_64, r-release-linux-x86_64, r-release-macos-arm64, r-release-macos-x86_64, r-release-windows-x86_64

Version: 0.0.1
Check: LazyData
Result: NOTE 'LazyData' is specified without a 'data' directory Flavors: r-devel-linux-x86_64-debian-clang, r-devel-linux-x86_64-debian-gcc, r-devel-linux-x86_64-fedora-clang, r-devel-linux-x86_64-fedora-gcc, r-devel-windows-x86_64, r-patched-linux-x86_64, r-release-linux-x86_64, r-release-macos-arm64, r-release-macos-x86_64, r-release-windows-x86_64, r-oldrel-macos-arm64, r-oldrel-windows-x86_64

Version: 0.0.1
Check: installed package size
Result: NOTE installed size is 11.9Mb sub-directories of 1Mb or more: libs 11.6Mb Flavors: r-release-macos-arm64, r-release-macos-x86_64, r-oldrel-macos-arm64