CRAN Package Check Results for Package pgirmess

Last updated on 2022-01-28 09:52:56 CET.

Flavor Version Tinstall Tcheck Ttotal Status Flags
r-devel-linux-x86_64-debian-clang 1.7.1 28.19 306.69 334.88 OK
r-devel-linux-x86_64-debian-gcc 1.7.1 26.95 225.81 252.76 OK
r-devel-linux-x86_64-fedora-clang 1.7.1 369.05 NOTE
r-devel-linux-x86_64-fedora-gcc 1.7.1 386.93 OK
r-devel-windows-x86_64-new-UL 1.7.1 103.00 343.00 446.00 OK
r-devel-windows-x86_64-new-TK 1.7.1 NOTE
r-patched-linux-x86_64 1.7.1 27.92 269.22 297.14 OK
r-release-linux-x86_64 1.7.1 23.31 265.59 288.90 OK
r-release-macos-arm64 1.7.1 OK
r-release-macos-x86_64 1.7.1 OK
r-release-windows-ix86+x86_64 1.7.1 76.00 349.00 425.00 OK
r-oldrel-macos-x86_64 1.7.1 OK
r-oldrel-windows-ix86+x86_64 1.7.1 81.00 342.00 423.00 OK

Check Details

Version: 1.7.1
Check: Rd cross-references
Result: NOTE
    Undeclared packages ‘classInt’, ‘PMCMR’, ‘agricolae’, ‘plotrix’, ‘AICcmodavg’ in Rd xrefs
Flavor: r-devel-linux-x86_64-fedora-clang

Version: 1.7.1
Check: Rd cross-references
Result: NOTE
    Package unavailable to check Rd xrefs: 'AICcmodavg'
Flavor: r-devel-windows-x86_64-new-TK