Last updated on 2022-08-13 08:53:39 CEST.
Flavor | Version | Tinstall | Tcheck | Ttotal | Status | Flags |
---|---|---|---|---|---|---|
r-devel-linux-x86_64-debian-clang | 0.1.4 | 20.88 | 50.64 | 71.52 | NOTE | |
r-devel-linux-x86_64-debian-gcc | 0.1.4 | 12.82 | 30.55 | 43.37 | NOTE | |
r-devel-linux-x86_64-fedora-clang | 0.1.4 | 94.63 | NOTE | |||
r-devel-linux-x86_64-fedora-gcc | 0.1.4 | 85.06 | NOTE | |||
r-devel-windows-x86_64 | 0.1.4 | 23.00 | 79.00 | 102.00 | NOTE | |
r-patched-linux-x86_64 | 0.1.4 | 15.00 | 39.90 | 54.90 | NOTE | |
r-release-linux-x86_64 | 0.1.4 | 14.24 | 39.80 | 54.04 | NOTE | |
r-release-macos-arm64 | 0.1.4 | 24.00 | NOTE | |||
r-release-macos-x86_64 | 0.1.4 | 35.00 | NOTE | |||
r-release-windows-x86_64 | 0.1.4 | 24.00 | 85.00 | 109.00 | NOTE | |
r-oldrel-macos-arm64 | 0.1.4 | 27.00 | NOTE | |||
r-oldrel-macos-x86_64 | 0.1.4 | 41.00 | NOTE | |||
r-oldrel-windows-ix86+x86_64 | 0.1.4 | 48.00 | 93.00 | 141.00 | NOTE |
Version: 0.1.4
Check: LazyData
Result: NOTE
'LazyData' is specified without a 'data' directory
Flavors: r-devel-linux-x86_64-debian-clang, r-devel-linux-x86_64-debian-gcc, r-devel-linux-x86_64-fedora-clang, r-devel-linux-x86_64-fedora-gcc, r-devel-windows-x86_64, r-patched-linux-x86_64, r-release-linux-x86_64, r-release-macos-arm64, r-release-macos-x86_64, r-release-windows-x86_64, r-oldrel-macos-arm64, r-oldrel-macos-x86_64, r-oldrel-windows-ix86+x86_64
Version: 0.1.4
Check: for non-standard things in the check directory
Result: NOTE
Found the following files/directories:
'animation.gif'
Flavors: r-devel-linux-x86_64-debian-clang, r-devel-linux-x86_64-debian-gcc, r-devel-linux-x86_64-fedora-clang, r-devel-linux-x86_64-fedora-gcc, r-patched-linux-x86_64, r-release-linux-x86_64
Version: 0.1.4
Check: compiled code
Result: NOTE
File ‘ph2bye/libs/ph2bye.so’:
Found no calls to: ‘R_registerRoutines’, ‘R_useDynamicSymbols’
It is good practice to register native routines and to disable symbol
search.
See ‘Writing portable packages’ in the ‘Writing R Extensions’ manual.
Flavors: r-devel-linux-x86_64-fedora-clang, r-devel-linux-x86_64-fedora-gcc