CRAN Package Check Results for Package phase1RMD

Last updated on 2019-09-18 01:47:01 CEST.

Flavor Version Tinstall Tcheck Ttotal Status Flags
r-devel-linux-x86_64-debian-clang 1.0.8 7.66 60.96 68.62 NOTE
r-devel-linux-x86_64-debian-gcc 1.0.8 5.67 46.96 52.63 NOTE
r-devel-linux-x86_64-fedora-clang 1.0.8 81.97 NOTE
r-devel-linux-x86_64-fedora-gcc 1.0.8 84.55 NOTE
r-devel-windows-ix86+x86_64 1.0.8 33.00 77.00 110.00 OK
r-patched-linux-x86_64 1.0.8 8.43 59.80 68.23 OK
r-patched-solaris-x86 1.0.8 115.30 OK
r-release-linux-x86_64 1.0.8 7.90 59.61 67.51 OK
r-release-windows-ix86+x86_64 1.0.8 17.00 107.00 124.00 OK
r-release-osx-x86_64 1.0.8 NOTE
r-oldrel-windows-ix86+x86_64 1.0.8 18.00 67.00 85.00 OK
r-oldrel-osx-x86_64 1.0.8 OK

Check Details

Version: 1.0.8
Check: for non-standard things in the check directory
Result: NOTE
    Found the following files/directories:
     '1' 'alcMat.txt' 'doseTrace.pdf' 'patData.txt' 'recMat.txt'
Flavors: r-devel-linux-x86_64-debian-clang, r-devel-linux-x86_64-debian-gcc, r-devel-linux-x86_64-fedora-clang, r-devel-linux-x86_64-fedora-gcc

Version: 1.0.8
Check: package dependencies
Result: NOTE
    Package suggested but not available for checking: ‘BiocParallel’
Flavor: r-release-osx-x86_64