CRAN Package Check Results for Package photobiology

Last updated on 2021-09-19 21:49:18 CEST.

Flavor Version Tinstall Tcheck Ttotal Status Flags
r-devel-linux-x86_64-debian-clang 0.10.6 22.21 174.87 197.08 OK
r-devel-linux-x86_64-debian-gcc 0.10.6 16.87 128.60 145.47 OK
r-devel-linux-x86_64-fedora-clang 0.10.6 244.64 OK
r-devel-linux-x86_64-fedora-gcc 0.10.6 233.95 OK
r-devel-windows-x86_64 0.10.6 27.00 176.00 203.00 OK
r-devel-windows-x86_64-gcc10-UCRT 0.10.6 ERROR
r-patched-linux-x86_64 0.10.6 29.82 165.55 195.37 OK
r-patched-solaris-x86 0.10.6 270.60 OK
r-release-linux-x86_64 0.10.6 21.15 166.07 187.22 OK
r-release-macos-arm64 0.10.6 OK
r-release-macos-x86_64 0.10.6 OK
r-release-windows-ix86+x86_64 0.10.6 41.00 166.00 207.00 OK
r-oldrel-macos-x86_64 0.10.6 OK
r-oldrel-windows-ix86+x86_64 0.10.6 41.00 165.00 206.00 OK

Check Details

Version: 0.10.6
Check: whether package can be installed
Result: WARN
    Found the following significant warnings:
     WARNING: installation-time patches will not be applied, could not get the patches index
Flavor: r-devel-windows-x86_64-gcc10-UCRT

Version: 0.10.6
Check: PDF version of manual
Result: WARN
    LaTeX errors when creating PDF version.
    This typically indicates Rd problems.
Flavor: r-devel-windows-x86_64-gcc10-UCRT

Version: 0.10.6
Check: PDF version of manual without hyperrefs or index
Result: ERROR
    Re-running with no redirection of stdout/stderr.
Flavor: r-devel-windows-x86_64-gcc10-UCRT