CRAN Package Check Results for Package photobiologySun

Last updated on 2021-08-02 09:54:17 CEST.

Flavor Version Tinstall Tcheck Ttotal Status Flags
r-devel-linux-x86_64-debian-clang 0.4.1 4.30 41.03 45.33 OK
r-devel-linux-x86_64-debian-gcc 0.4.1 3.66 31.86 35.52 OK
r-devel-linux-x86_64-fedora-clang 0.4.1 64.18 OK
r-devel-linux-x86_64-fedora-gcc 0.4.1 53.14 OK
r-devel-windows-x86_64 0.4.1 7.00 57.00 64.00 OK
r-devel-windows-x86_64-gcc10-UCRT 0.4.1 OK
r-patched-linux-x86_64 0.4.1 OK
r-patched-solaris-x86 0.4.1 79.80 OK
r-release-linux-x86_64 0.4.1 3.34 39.50 42.84 OK
r-release-macos-arm64 0.4.1 WARN
r-release-macos-x86_64 0.4.1 OK
r-release-windows-ix86+x86_64 0.4.1 9.00 64.00 73.00 OK
r-oldrel-macos-x86_64 0.4.1 OK
r-oldrel-windows-ix86+x86_64 0.4.1 10.00 60.00 70.00 OK

Check Details

Version: 0.4.1
Check: re-building of vignette outputs
Result: WARN
    Error(s) in re-building vignettes:
     ...
    --- re-building ‘user-guide.Rmd’ using rmarkdown
    Warning in engine$weave(file, quiet = quiet, encoding = enc) :
     Pandoc (>= 1.12.3) not available. Falling back to R Markdown v1.
    News at https://www.r4photobiology.info/
    
    Attaching package: 'lubridate'
    
    The following objects are masked from 'package:base':
    
     date, intersect, setdiff, union
    
    ggspectra: default axis labels updated
    Quitting from lines 86-87 (user-guide.Rmd)
    Error: processing vignette 'user-guide.Rmd' failed with diagnostics:
    polygon edge not found
    --- failed re-building ‘user-guide.Rmd’
    
    SUMMARY: processing the following file failed:
     ‘user-guide.Rmd’
    
    Error: Vignette re-building failed.
    Execution halted
Flavor: r-release-macos-arm64