CRAN Package Check Results for Package phylogram

Last updated on 2024-06-21 09:55:50 CEST.

Flavor Version Tinstall Tcheck Ttotal Status Flags
r-devel-linux-x86_64-debian-clang 2.1.0 3.93 51.83 55.76 NOTE
r-devel-linux-x86_64-debian-gcc 2.1.0 3.01 39.10 42.11 NOTE
r-devel-linux-x86_64-fedora-clang 2.1.0 71.05 NOTE
r-devel-linux-x86_64-fedora-gcc 2.1.0 79.40 NOTE
r-devel-windows-x86_64 2.1.0 4.00 56.00 60.00 NOTE
r-patched-linux-x86_64 2.1.0 3.17 50.08 53.25 NOTE
r-release-linux-x86_64 2.1.0 3.07 50.29 53.36 NOTE
r-release-macos-arm64 2.1.0 28.00 NOTE
r-release-macos-x86_64 2.1.0 42.00 NOTE
r-release-windows-x86_64 2.1.0 4.00 58.00 62.00 NOTE
r-oldrel-macos-arm64 2.1.0 29.00 NOTE
r-oldrel-macos-x86_64 2.1.0 43.00 NOTE
r-oldrel-windows-x86_64 2.1.0 5.00 60.00 65.00 NOTE

Check Details

Version: 2.1.0
Check: LazyData
Result: NOTE 'LazyData' is specified without a 'data' directory Flavors: r-devel-linux-x86_64-debian-clang, r-devel-linux-x86_64-debian-gcc, r-devel-linux-x86_64-fedora-clang, r-devel-linux-x86_64-fedora-gcc, r-devel-windows-x86_64, r-patched-linux-x86_64, r-release-linux-x86_64, r-release-macos-arm64, r-release-macos-x86_64, r-release-windows-x86_64, r-oldrel-macos-arm64, r-oldrel-macos-x86_64, r-oldrel-windows-x86_64