CRAN Package Check Results for Package picante

Last updated on 2024-07-12 18:52:26 CEST.

Flavor Version Tinstall Tcheck Ttotal Status Flags
r-devel-linux-x86_64-debian-clang 1.8.2 15.19 117.05 132.24 NOTE
r-devel-linux-x86_64-debian-gcc 1.8.2 10.75 85.53 96.28 NOTE
r-devel-linux-x86_64-fedora-clang 1.8.2 159.26 NOTE
r-devel-linux-x86_64-fedora-gcc 1.8.2 165.00 NOTE
r-devel-windows-x86_64 1.8.2 14.00 126.00 140.00 NOTE
r-patched-linux-x86_64 1.8.2 14.11 109.58 123.69 NOTE
r-release-linux-x86_64 1.8.2 12.54 108.68 121.22 NOTE
r-release-macos-arm64 1.8.2 53.00 NOTE
r-release-macos-x86_64 1.8.2 125.00 NOTE
r-release-windows-x86_64 1.8.2 14.00 127.00 141.00 NOTE
r-oldrel-macos-arm64 1.8.2 58.00 NOTE
r-oldrel-macos-x86_64 1.8.2 89.00 NOTE
r-oldrel-windows-x86_64 1.8.2 18.00 135.00 153.00 NOTE

Check Details

Version: 1.8.2
Check: Rd files
Result: NOTE checkRd: (-1) IvesGodfray.Rd:12: Lost braces in \itemize; meant \describe ? checkRd: (-1) IvesGodfray.Rd:13: Lost braces in \itemize; meant \describe ? checkRd: (-1) IvesGodfray.Rd:14: Lost braces in \itemize; meant \describe ? checkRd: (-1) Kcalc.Rd:13: Escaped LaTeX specials: \$ checkRd: (-1) phylocom.Rd:12: Lost braces in \itemize; meant \describe ? checkRd: (-1) phylocom.Rd:13: Lost braces in \itemize; meant \describe ? checkRd: (-1) phylocom.Rd:14: Lost braces in \itemize; meant \describe ? checkRd: (-1) phylosignal.Rd:13: Escaped LaTeX specials: \$ checkRd: (-1) sample2matrix.Rd:15: Lost braces in \itemize; meant \describe ? checkRd: (-1) sample2matrix.Rd:16: Lost braces in \itemize; meant \describe ? checkRd: (-1) sample2matrix.Rd:17: Lost braces in \itemize; meant \describe ? checkRd: (-1) traitgram.Rd:14: Escaped LaTeX specials: \$ checkRd: (-1) utility.Rd:37: Escaped LaTeX specials: \$ \$ Flavors: r-devel-linux-x86_64-debian-clang, r-devel-linux-x86_64-debian-gcc, r-devel-linux-x86_64-fedora-clang, r-devel-linux-x86_64-fedora-gcc, r-devel-windows-x86_64, r-patched-linux-x86_64, r-release-linux-x86_64, r-release-macos-arm64, r-release-macos-x86_64, r-release-windows-x86_64

Version: 1.8.2
Check: Rd files
Result: NOTE checkRd: (-1) Kcalc.Rd:13: Escaped LaTeX specials: \$ checkRd: (-1) phylosignal.Rd:13: Escaped LaTeX specials: \$ checkRd: (-1) traitgram.Rd:14: Escaped LaTeX specials: \$ checkRd: (-1) utility.Rd:37: Escaped LaTeX specials: \$ \$ Flavors: r-oldrel-macos-arm64, r-oldrel-macos-x86_64, r-oldrel-windows-x86_64