Last updated on 2022-05-19 08:52:13 CEST.
Flavor | Version | Tinstall | Tcheck | Ttotal | Status | Flags |
---|---|---|---|---|---|---|
r-devel-linux-x86_64-debian-clang | 1.10.3 | 23.06 | 205.82 | 228.88 | OK | |
r-devel-linux-x86_64-debian-gcc | 1.10.3 | 20.76 | 147.91 | 168.67 | OK | |
r-devel-linux-x86_64-fedora-clang | 1.10.3 | 258.23 | NOTE | |||
r-devel-linux-x86_64-fedora-gcc | 1.10.3 | 258.37 | NOTE | |||
r-devel-windows-x86_64 | 1.10.3 | 153.00 | 250.00 | 403.00 | OK | |
r-patched-linux-x86_64 | 1.10.3 | 23.99 | 190.50 | 214.49 | OK | |
r-release-linux-x86_64 | 1.10.3 | 19.70 | 188.84 | 208.54 | OK | |
r-release-macos-arm64 | 1.10.3 | 59.00 | NOTE | |||
r-release-macos-x86_64 | 1.10.3 | 75.00 | NOTE | |||
r-release-windows-x86_64 | 1.10.3 | 295.00 | 244.00 | 539.00 | OK | |
r-oldrel-macos-arm64 | 1.10.3 | 47.00 | NOTE | |||
r-oldrel-macos-x86_64 | 1.10.3 | 70.00 | NOTE | |||
r-oldrel-windows-ix86+x86_64 | 1.10.3 | 43.00 | 216.00 | 259.00 | NOTE |
Version: 1.10.3
Check: Rd cross-references
Result: NOTE
Undeclared package ‘scales’ in Rd xrefs
Flavor: r-devel-linux-x86_64-fedora-clang
Version: 1.10.3
Check: data for non-ASCII characters
Result: NOTE
Note: found 3 marked UTF-8 strings
Flavors: r-devel-linux-x86_64-fedora-clang, r-devel-linux-x86_64-fedora-gcc, r-release-macos-arm64, r-release-macos-x86_64, r-oldrel-macos-arm64, r-oldrel-macos-x86_64
Version: 1.10.3
Check: R code for possible problems
Result: NOTE
grobCoords.pp_grobCoords: no visible global function definition for
‘emptyGrobCoords’
grobPoints.pp_grobCoords: no visible global function definition for
‘emptyGrobCoords’
xylists_to_grobcoords: no visible global function definition for
‘gridCoords’
xylists_to_grobcoords : <anonymous>: no visible global function
definition for ‘gridCoords’
xylists_to_grobcoords: no visible global function definition for
‘gridGrobCoords’
Undefined global functions or variables:
emptyGrobCoords gridCoords gridGrobCoords
Flavors: r-oldrel-macos-arm64, r-oldrel-macos-x86_64, r-oldrel-windows-ix86+x86_64