CRAN Package Check Results for Package pimeta

Last updated on 2023-11-30 05:51:01 CET.

Flavor Version Tinstall Tcheck Ttotal Status Flags
r-devel-linux-x86_64-debian-clang 1.1.3 43.24 62.33 105.57 OK
r-devel-linux-x86_64-debian-gcc 1.1.3 30.64 45.62 76.26 OK
r-devel-linux-x86_64-fedora-clang 1.1.3 139.05 NOTE
r-devel-linux-x86_64-fedora-gcc 1.1.3 151.30 NOTE
r-devel-windows-x86_64 1.1.3 35.00 86.00 121.00 OK
r-patched-linux-x86_64 1.1.3 38.28 60.33 98.61 OK
r-release-linux-x86_64 1.1.3 38.65 59.46 98.11 OK
r-release-macos-arm64 1.1.3 51.00 NOTE
r-release-macos-x86_64 1.1.3 81.00 NOTE
r-release-windows-x86_64 1.1.3 45.00 102.00 147.00 OK
r-oldrel-macos-arm64 1.1.3 45.00 NOTE
r-oldrel-macos-x86_64 1.1.3 85.00 NOTE
r-oldrel-windows-x86_64 1.1.3 40.00 97.00 137.00 OK

Check Details

Version: 1.1.3
Check: dependencies in R code
Result: NOTE Namespace in Imports field not imported from: ‘utils’ All declared Imports should be used. Flavors: r-devel-linux-x86_64-fedora-clang, r-devel-linux-x86_64-fedora-gcc, r-oldrel-macos-arm64, r-oldrel-macos-x86_64

Version: 1.1.3
Check: installed package size
Result: NOTE installed size is 12.4Mb sub-directories of 1Mb or more: libs 12.1Mb Flavors: r-release-macos-arm64, r-release-macos-x86_64, r-oldrel-macos-arm64, r-oldrel-macos-x86_64