CRAN Package Check Results for Package pingr

Last updated on 2022-09-29 18:49:01 CEST.

Flavor Version Tinstall Tcheck Ttotal Status Flags
r-devel-linux-x86_64-debian-clang 2.0.1 3.68 24.27 27.95 NOTE
r-devel-linux-x86_64-debian-gcc 2.0.1 2.91 19.23 22.14 NOTE
r-devel-linux-x86_64-fedora-clang 2.0.1 47.12 NOTE
r-devel-linux-x86_64-fedora-gcc 2.0.1 43.87 NOTE
r-devel-windows-x86_64 2.0.1 22.00 58.00 80.00 WARN
r-patched-linux-x86_64 2.0.1 3.49 23.61 27.10 NOTE
r-release-linux-x86_64 2.0.1 2.96 23.19 26.15 NOTE
r-release-macos-arm64 2.0.1 19.00 NOTE
r-release-macos-x86_64 2.0.1 23.00 NOTE
r-release-windows-x86_64 2.0.1 19.00 54.00 73.00 NOTE
r-oldrel-macos-arm64 2.0.1 23.00 NOTE
r-oldrel-macos-x86_64 2.0.1 29.00 NOTE
r-oldrel-windows-ix86+x86_64 2.0.1 22.00 56.00 78.00 NOTE

Check Details

Version: 2.0.1
Check: LazyData
Result: NOTE
     'LazyData' is specified without a 'data' directory
Flavors: r-devel-linux-x86_64-debian-clang, r-devel-linux-x86_64-debian-gcc, r-devel-linux-x86_64-fedora-clang, r-devel-linux-x86_64-fedora-gcc, r-devel-windows-x86_64, r-patched-linux-x86_64, r-release-linux-x86_64, r-release-macos-arm64, r-release-macos-x86_64, r-release-windows-x86_64, r-oldrel-macos-arm64, r-oldrel-macos-x86_64, r-oldrel-windows-ix86+x86_64

Version: 2.0.1
Check: whether package can be installed
Result: WARN
    Found the following significant warnings:
     dns.c:230:43: warning: format '%u' expects argument of type 'unsigned int', but argument 6 has type 'DWORD' {aka 'long unsigned int'} [-Wformat=]
     dns.c:230:46: warning: format '%u' expects argument of type 'unsigned int', but argument 7 has type 'DWORD' {aka 'long unsigned int'} [-Wformat=]
     dns.c:230:49: warning: format '%u' expects argument of type 'unsigned int', but argument 8 has type 'DWORD' {aka 'long unsigned int'} [-Wformat=]
     dns.c:230:52: warning: format '%u' expects argument of type 'unsigned int', but argument 9 has type 'DWORD' {aka 'long unsigned int'} [-Wformat=]
     dns.c:230:55: warning: format '%u' expects argument of type 'unsigned int', but argument 10 has type 'DWORD' {aka 'long unsigned int'} [-Wformat=]
Flavor: r-devel-windows-x86_64