CRAN Package Check Results for Package pinochet

Last updated on 2024-07-20 19:52:57 CEST.

Flavor Version Tinstall Tcheck Ttotal Status Flags
r-devel-linux-x86_64-debian-clang 0.1.0 1.86 30.82 32.68 OK
r-devel-linux-x86_64-debian-gcc 0.1.0 1.48 23.70 25.18 OK
r-devel-linux-x86_64-fedora-clang 0.1.0 43.65 NOTE
r-devel-linux-x86_64-fedora-gcc 0.1.0 52.88 NOTE
r-devel-windows-x86_64 0.1.0 3.00 45.00 48.00 OK
r-patched-linux-x86_64 0.1.0 2.18 28.68 30.86 OK
r-release-linux-x86_64 0.1.0 1.98 28.81 30.79 OK
r-release-macos-arm64 0.1.0 24.00 OK
r-release-macos-x86_64 0.1.0 38.00 OK
r-release-windows-x86_64 0.1.0 3.00 45.00 48.00 OK
r-oldrel-macos-arm64 0.1.0 24.00 OK
r-oldrel-macos-x86_64 0.1.0 34.00 OK
r-oldrel-windows-x86_64 0.1.0 3.00 46.00 49.00 OK

Check Details

Version: 0.1.0
Check: data for non-ASCII characters
Result: NOTE Note: found 2048 marked UTF-8 strings Flavors: r-devel-linux-x86_64-fedora-clang, r-devel-linux-x86_64-fedora-gcc