CRAN Package Check Results for Package pirate

Last updated on 2019-09-23 14:47:29 CEST.

Flavor Version Tinstall Tcheck Ttotal Status Flags
r-devel-linux-x86_64-debian-clang 1.0.0 30.13 37.60 67.73 OK
r-devel-linux-x86_64-debian-gcc 1.0.0 25.08 29.85 54.93 OK
r-devel-linux-x86_64-fedora-clang 1.0.0 94.69 NOTE
r-devel-linux-x86_64-fedora-gcc 1.0.0 92.43 NOTE
r-devel-windows-ix86+x86_64 1.0.0 95.00 121.00 216.00 OK
r-patched-linux-x86_64 1.0.0 24.62 36.73 61.35 OK
r-patched-solaris-x86 1.0.0 104.50 OK
r-release-linux-x86_64 1.0.0 28.13 36.75 64.88 OK
r-release-windows-ix86+x86_64 1.0.0 96.00 113.00 209.00 OK
r-release-osx-x86_64 1.0.0 OK
r-oldrel-windows-ix86+x86_64 1.0.0 52.00 80.00 132.00 OK
r-oldrel-osx-x86_64 1.0.0 OK

Check Details

Version: 1.0.0
Check: compiled code
Result: NOTE
    File ‘pirate/libs/pirate.so’:
     Found no calls to: ‘R_registerRoutines’, ‘R_useDynamicSymbols’
    
    It is good practice to register native routines and to disable symbol
    search.
    
    See ‘Writing portable packages’ in the ‘Writing R Extensions’ manual.
Flavors: r-devel-linux-x86_64-fedora-clang, r-devel-linux-x86_64-fedora-gcc