CRAN Package Check Results for Package piratings

Last updated on 2022-10-01 18:54:20 CEST.

Flavor Version Tinstall Tcheck Ttotal Status Flags
r-devel-linux-x86_64-debian-clang 0.1.9 1.51 68.33 69.84 OK
r-devel-linux-x86_64-debian-gcc 0.1.9 1.72 48.26 49.98 OK
r-devel-linux-x86_64-fedora-clang 0.1.9 96.83 NOTE
r-devel-linux-x86_64-fedora-gcc 0.1.9 90.65 NOTE
r-devel-windows-x86_64 0.1.9 11.00 92.00 103.00 OK
r-patched-linux-x86_64 0.1.9 1.91 65.45 67.36 OK
r-release-linux-x86_64 0.1.9 1.48 65.86 67.34 OK
r-release-macos-arm64 0.1.9 30.00 NOTE
r-release-macos-x86_64 0.1.9 52.00 NOTE
r-release-windows-x86_64 0.1.9 16.00 93.00 109.00 OK
r-oldrel-macos-arm64 0.1.9 35.00 NOTE
r-oldrel-macos-x86_64 0.1.9 50.00 NOTE
r-oldrel-windows-ix86+x86_64 0.1.9 8.00 94.00 102.00 OK

Check Details

Version: 0.1.9
Check: dependencies in R code
Result: NOTE
    Namespace in Imports field not imported from: ‘ggplot2’
     All declared Imports should be used.
Flavors: r-devel-linux-x86_64-fedora-clang, r-devel-linux-x86_64-fedora-gcc, r-release-macos-arm64, r-release-macos-x86_64, r-oldrel-macos-arm64, r-oldrel-macos-x86_64