CRAN Package Check Results for Package pitchRx

Last updated on 2022-10-04 17:52:49 CEST.

Flavor Version Tinstall Tcheck Ttotal Status Flags
r-devel-linux-x86_64-debian-clang 1.8.2 14.40 128.33 142.73 NOTE
r-devel-linux-x86_64-debian-gcc 1.8.2 11.47 93.12 104.59 NOTE
r-devel-linux-x86_64-fedora-clang 1.8.2 178.34 NOTE
r-devel-linux-x86_64-fedora-gcc 1.8.2 169.04 NOTE
r-devel-windows-x86_64 1.8.2 24.00 140.00 164.00 NOTE
r-patched-linux-x86_64 1.8.2 13.16 116.88 130.04 NOTE
r-release-linux-x86_64 1.8.2 11.62 115.03 126.65 NOTE
r-release-macos-arm64 1.8.2 45.00 NOTE
r-release-macos-x86_64 1.8.2 86.00 NOTE
r-release-windows-x86_64 1.8.2 25.00 141.00 166.00 NOTE
r-oldrel-macos-arm64 1.8.2 52.00 NOTE
r-oldrel-macos-x86_64 1.8.2 86.00 NOTE
r-oldrel-windows-ix86+x86_64 1.8.2 31.00 136.00 167.00 NOTE

Check Details

Version: 1.8.2
Check: package dependencies
Result: NOTE
    Package suggested but not available for checking: 'ggsubplot'
Flavors: r-devel-linux-x86_64-debian-clang, r-devel-linux-x86_64-debian-gcc, r-devel-linux-x86_64-fedora-clang, r-devel-linux-x86_64-fedora-gcc, r-devel-windows-x86_64, r-patched-linux-x86_64, r-release-linux-x86_64, r-release-macos-arm64, r-release-macos-x86_64, r-release-windows-x86_64, r-oldrel-macos-arm64, r-oldrel-macos-x86_64, r-oldrel-windows-ix86+x86_64