CRAN Package Check Results for Package pkgnet

Last updated on 2022-06-30 14:53:30 CEST.

Flavor Version Tinstall Tcheck Ttotal Status Flags
r-devel-linux-x86_64-debian-clang 0.4.2 14.13 52.00 66.13 OK
r-devel-linux-x86_64-debian-gcc 0.4.2 10.23 38.66 48.89 OK
r-devel-linux-x86_64-fedora-clang 0.4.2 85.89 NOTE
r-devel-linux-x86_64-fedora-gcc 0.4.2 95.75 OK
r-devel-windows-x86_64 0.4.2 58.00 82.00 140.00 OK
r-patched-linux-x86_64 0.4.2 13.91 49.09 63.00 OK
r-release-linux-x86_64 0.4.2 10.90 48.51 59.41 OK
r-release-macos-arm64 0.4.2 27.00 OK
r-release-macos-x86_64 0.4.2 38.00 OK
r-release-windows-x86_64 0.4.2 65.00 79.00 144.00 OK
r-oldrel-macos-arm64 0.4.2 27.00 OK
r-oldrel-macos-x86_64 0.4.2 40.00 OK
r-oldrel-windows-ix86+x86_64 0.4.2 23.00 70.00 93.00 OK

Check Details

Version: 0.4.2
Check: Rd cross-references
Result: NOTE
    Undeclared package ‘htmlwidgets’ in Rd xrefs
Flavor: r-devel-linux-x86_64-fedora-clang