CRAN Package Check Results for Package pksensi

Last updated on 2019-11-14 00:53:07 CET.

Flavor Version Tinstall Tcheck Ttotal Status Flags
r-devel-linux-x86_64-debian-clang 1.1.4 5.72 57.77 63.49 OK
r-devel-linux-x86_64-debian-gcc 1.1.4 4.99 42.91 47.90 OK
r-devel-linux-x86_64-fedora-clang 1.1.4 73.92 OK
r-devel-linux-x86_64-fedora-gcc 1.1.4 74.89 OK
r-devel-windows-ix86+x86_64 1.1.4 21.00 76.00 97.00 OK
r-patched-linux-x86_64 1.1.4 5.97 53.80 59.77 OK
r-patched-solaris-x86 1.1.4 103.40 OK
r-release-linux-x86_64 1.1.4 5.49 54.52 60.01 OK
r-release-windows-ix86+x86_64 1.1.4 18.00 127.00 145.00 OK
r-release-osx-x86_64 1.1.4 OK
r-oldrel-windows-ix86+x86_64 1.1.4 8.00 122.00 130.00 WARN
r-oldrel-osx-x86_64 1.1.4 WARN

Check Details

Version: 1.1.4
Check: whether package can be installed
Result: WARN
    Found the following significant warnings:
     Warning: D:/temp/Rtmpe2c5Fq/R.INSTALL93084cf925cc/pksensi/man/compile_model.Rd:16: unknown macro '\proglang'
     Warning: D:/temp/Rtmpe2c5Fq/R.INSTALL93084cf925cc/pksensi/man/compile_model.Rd:30: unknown macro '\proglang'
     Warning: D:/temp/Rtmpe2c5Fq/R.INSTALL93084cf925cc/pksensi/man/compile_model.Rd:34: unknown macro '\proglang'
Flavor: r-oldrel-windows-ix86+x86_64

Version: 1.1.4
Check: Rd files
Result: WARN
    prepare_Rd: compile_model.Rd:16: unknown macro '\proglang'
    prepare_Rd: compile_model.Rd:30: unknown macro '\proglang'
    prepare_Rd: compile_model.Rd:34: unknown macro '\proglang'
Flavors: r-oldrel-windows-ix86+x86_64, r-oldrel-osx-x86_64

Version: 1.1.4
Check: whether package can be installed
Result: WARN
    Found the following significant warnings:
     Warning: /Volumes/SSD-Data/Builds/R-dev-web/QA/Simon/packages/el-capitan-x86_64/results/3.5/pksensi.Rcheck/00_pkg_src/pksensi/man/compile_model.Rd:16: unknown macro '\proglang'
     Warning: /Volumes/SSD-Data/Builds/R-dev-web/QA/Simon/packages/el-capitan-x86_64/results/3.5/pksensi.Rcheck/00_pkg_src/pksensi/man/compile_model.Rd:30: unknown macro '\proglang'
     Warning: /Volumes/SSD-Data/Builds/R-dev-web/QA/Simon/packages/el-capitan-x86_64/results/3.5/pksensi.Rcheck/00_pkg_src/pksensi/man/compile_model.Rd:34: unknown macro '\proglang'
Flavor: r-oldrel-osx-x86_64