Last updated on 2021-03-08 23:50:27 CET.
Flavor | Version | Tinstall | Tcheck | Ttotal | Status | Flags |
---|---|---|---|---|---|---|
r-devel-linux-x86_64-debian-clang | 1.1.0 | 25.23 | 149.30 | 174.53 | OK | |
r-devel-linux-x86_64-debian-gcc | 1.1.0 | 18.57 | 110.41 | 128.98 | OK | |
r-devel-linux-x86_64-fedora-clang | 1.1.0 | 212.56 | NOTE | |||
r-devel-linux-x86_64-fedora-gcc | 1.1.0 | 201.96 | NOTE | |||
r-devel-windows-ix86+x86_64 | 1.1.0 | 54.00 | 194.00 | 248.00 | OK | |
r-devel-windows-x86_64-gcc10-UCRT | 1.1.0 | ERROR | ||||
r-patched-linux-x86_64 | 1.1.0 | 21.30 | 135.02 | 156.32 | OK | |
r-release-linux-x86_64 | 1.1.0 | 21.40 | 135.73 | 157.13 | OK | |
r-release-macos-x86_64 | 1.1.0 | NOTE | ||||
r-release-windows-ix86+x86_64 | 1.1.0 | 37.00 | 220.00 | 257.00 | OK | |
r-oldrel-macos-x86_64 | 1.1.0 | NOTE | ||||
r-oldrel-windows-ix86+x86_64 | 1.1.0 | 31.00 | 147.00 | 178.00 | OK |
Version: 1.1.0
Check: package dependencies
Result: NOTE
Imports includes 40 non-default packages.
Importing from so many packages makes the package vulnerable to any of
them becoming unavailable. Move as many as possible to Suggests and
use conditionally.
Flavor: r-devel-linux-x86_64-fedora-clang
Version: 1.1.0
Check: dependencies in R code
Result: NOTE
Namespaces in Imports field not imported from:
‘V8’ ‘devtools’ ‘formatR’ ‘gdata’ ‘rhandsontable’ ‘shinybusy’
‘shinythemes’ ‘sqldf’ ‘tidyr’
All declared Imports should be used.
Flavors: r-devel-linux-x86_64-fedora-clang, r-devel-linux-x86_64-fedora-gcc, r-release-macos-x86_64
Version: 1.1.0
Check: package dependencies
Result: ERROR
Packages required but not available: 'V8', 'DiagrammeRsvg'
See section 'The DESCRIPTION file' in the 'Writing R Extensions'
manual.
Flavor: r-devel-windows-x86_64-gcc10-UCRT
Version: 1.1.0
Check: dependencies in R code
Result: NOTE
No protocol specified
No protocol specified
Namespaces in Imports field not imported from:
‘V8’ ‘devtools’ ‘formatR’ ‘gdata’ ‘rhandsontable’ ‘shinybusy’
‘shinythemes’ ‘sqldf’ ‘tidyr’
All declared Imports should be used.
Flavor: r-oldrel-macos-x86_64