CRAN Package Check Results for Package plm

Last updated on 2022-01-23 17:48:24 CET.

Flavor Version Tinstall Tcheck Ttotal Status Flags
r-devel-linux-x86_64-debian-clang 2.4-3 20.07 213.17 233.24 WARN
r-devel-linux-x86_64-debian-gcc 2.4-3 17.46 172.01 189.47 WARN
r-devel-linux-x86_64-fedora-clang 2.4-3 299.67 WARN
r-devel-linux-x86_64-fedora-gcc 2.4-3 273.47 WARN
r-devel-windows-x86_64-new-UL 2.4-3 196.00 275.00 471.00 OK
r-devel-windows-x86_64-new-TK 2.4-3 WARN
r-patched-linux-x86_64 2.4-3 22.49 211.17 233.66 WARN
r-release-linux-x86_64 2.4-3 16.50 209.17 225.67 WARN
r-release-macos-arm64 2.4-3 OK
r-release-macos-x86_64 2.4-3 OK
r-release-windows-ix86+x86_64 2.4-3 43.00 260.00 303.00 OK
r-oldrel-macos-x86_64 2.4-3 OK
r-oldrel-windows-ix86+x86_64 2.4-3 41.00 260.00 301.00 OK

Check Details

Version: 2.4-3
Check: package dependencies
Result: NOTE
    Package suggested but not available for checking: 'pder'
Flavors: r-devel-linux-x86_64-debian-clang, r-devel-linux-x86_64-debian-gcc, r-devel-linux-x86_64-fedora-clang, r-devel-linux-x86_64-fedora-gcc, r-patched-linux-x86_64, r-release-linux-x86_64

Version: 2.4-3
Check: re-building of vignette outputs
Result: WARN
    Error(s) in re-building vignettes:
     ...
    --- re-building 'A_plmPackage.Rmd' using rmarkdown
    Quitting from lines 1837-1841 (A_plmPackage.Rmd)
    Error: processing vignette 'A_plmPackage.Rmd' failed with diagnostics:
    there is no package called 'pder'
    --- failed re-building 'A_plmPackage.Rmd'
    
    --- re-building 'B_plmFunction.Rmd' using rmarkdown
    Version: 1.37.5
    Date: 2020-06-17
    Author: Philip Leifeld (University of Essex)
    
    Consider submitting praise using the praise or praise_interactive functions.
    Please cite the JSS article in your publications -- see citation("texreg").
    --- finished re-building 'B_plmFunction.Rmd'
    
    --- re-building 'C_plmModelComponents.Rmd' using rmarkdown
    Quitting from lines 70-74 (C_plmModelComponents.Rmd)
    Error: processing vignette 'C_plmModelComponents.Rmd' failed with diagnostics:
    there is no package called 'pder'
    --- failed re-building 'C_plmModelComponents.Rmd'
    
    SUMMARY: processing the following files failed:
     'A_plmPackage.Rmd' 'C_plmModelComponents.Rmd'
    
    Error: Vignette re-building failed.
    Execution halted
Flavors: r-devel-linux-x86_64-debian-clang, r-devel-linux-x86_64-debian-gcc, r-patched-linux-x86_64, r-release-linux-x86_64

Version: 2.4-3
Check: re-building of vignette outputs
Result: WARN
    Error(s) in re-building vignettes:
    --- re-building ‘A_plmPackage.Rmd’ using rmarkdown
    Quitting from lines 1837-1841 (A_plmPackage.Rmd)
    Error: processing vignette 'A_plmPackage.Rmd' failed with diagnostics:
    there is no package called 'pder'
    --- failed re-building ‘A_plmPackage.Rmd’
    
    --- re-building ‘B_plmFunction.Rmd’ using rmarkdown
    Version: 1.37.5
    Date: 2020-06-17
    Author: Philip Leifeld (University of Essex)
    
    Consider submitting praise using the praise or praise_interactive functions.
    Please cite the JSS article in your publications -- see citation("texreg").
    --- finished re-building ‘B_plmFunction.Rmd’
    
    --- re-building ‘C_plmModelComponents.Rmd’ using rmarkdown
    Quitting from lines 70-74 (C_plmModelComponents.Rmd)
    Error: processing vignette 'C_plmModelComponents.Rmd' failed with diagnostics:
    there is no package called 'pder'
    --- failed re-building ‘C_plmModelComponents.Rmd’
    
    SUMMARY: processing the following files failed:
     ‘A_plmPackage.Rmd’ ‘C_plmModelComponents.Rmd’
    
    Error: Vignette re-building failed.
    Execution halted
Flavors: r-devel-linux-x86_64-fedora-clang, r-devel-linux-x86_64-fedora-gcc, r-devel-windows-x86_64-new-TK

Version: 2.4-3
Check: package dependencies
Result: NOTE
    Packages suggested but not available for checking:
     'AER', 'car', 'clusterSEs', 'pder'
Flavor: r-devel-windows-x86_64-new-TK

Version: 2.4-3
Check: Rd cross-references
Result: NOTE
    Packages unavailable to check Rd xrefs: 'AER', 'car'
Flavor: r-devel-windows-x86_64-new-TK